CRAN Package Check Results for Package SPARSEMODr

Last updated on 2025-05-04 02:50:19 CEST.

Flavor Version Tinstall Tcheck Ttotal Status Flags
r-devel-linux-x86_64-debian-clang 1.2.0 17.44 442.68 460.12 NOTE
r-devel-linux-x86_64-debian-gcc 1.2.0 11.81 383.31 395.12 NOTE
r-devel-linux-x86_64-fedora-clang 1.2.0 773.61 NOTE
r-devel-linux-x86_64-fedora-gcc 1.2.0 872.28 NOTE
r-devel-windows-x86_64 1.2.0 26.00 782.00 808.00 NOTE
r-patched-linux-x86_64 1.2.0 16.55 481.40 497.95 NOTE
r-release-linux-x86_64 NOTE
r-release-macos-arm64 1.2.0 304.00 OK
r-release-macos-x86_64 1.2.0 627.00 OK
r-release-windows-x86_64 1.2.0 24.00 660.00 684.00 NOTE
r-oldrel-macos-arm64 1.2.0 284.00 OK
r-oldrel-macos-x86_64 1.2.0 426.00 OK
r-oldrel-windows-x86_64 1.2.0 28.00 727.00 755.00 OK

Check Details

Version: 1.2.0
Check: CRAN incoming feasibility
Result: NOTE Maintainer: ‘Joseph Mihaljevic <Joseph.Mihaljevic@nau.edu>’ Package CITATION file contains call(s) to old-style citEntry(). Please use bibentry() instead. Flavors: r-devel-linux-x86_64-debian-clang, r-devel-linux-x86_64-debian-gcc

Version: 1.2.0
Check: Rd cross-references
Result: NOTE Found the following Rd file(s) with Rd \link{} targets missing package anchors: model_parallel.Rd: future_lapply Please provide package anchors for all Rd \link{} targets not in the package itself and the base packages. Flavors: r-devel-linux-x86_64-debian-clang, r-devel-linux-x86_64-debian-gcc, r-devel-windows-x86_64, r-patched-linux-x86_64, r-release-linux-x86_64, r-release-windows-x86_64

Version: 1.2.0
Check: dependencies in R code
Result: NOTE Namespaces in Imports field not imported from: ‘future’ ‘geosphere’ ‘lubridate’ ‘tidyverse’ ‘viridis’ All declared Imports should be used. Flavors: r-devel-linux-x86_64-fedora-clang, r-devel-linux-x86_64-fedora-gcc