Last updated on 2025-05-01 01:49:48 CEST.
Flavor | Version | Tinstall | Tcheck | Ttotal | Status | Flags |
---|---|---|---|---|---|---|
r-devel-linux-x86_64-debian-clang | 1.0.6 | 1.78 | 18.81 | 20.59 | NOTE | |
r-devel-linux-x86_64-debian-gcc | 1.0.6 | 1.50 | 15.82 | 17.32 | NOTE | |
r-devel-linux-x86_64-fedora-clang | 1.0.6 | 32.39 | OK | |||
r-devel-linux-x86_64-fedora-gcc | 1.0.6 | 32.00 | OK | |||
r-devel-windows-x86_64 | 1.0.6 | 3.00 | 44.00 | 47.00 | OK | |
r-patched-linux-x86_64 | 1.0.6 | 1.58 | 18.31 | 19.89 | OK | |
r-release-linux-x86_64 | 1.0.6 | 1.66 | 18.06 | 19.72 | OK | |
r-release-macos-arm64 | 1.0.6 | 16.00 | OK | |||
r-release-macos-x86_64 | 1.0.6 | 27.00 | OK | |||
r-release-windows-x86_64 | 1.0.6 | 4.00 | 49.00 | 53.00 | OK | |
r-oldrel-macos-arm64 | 1.0.6 | 14.00 | OK | |||
r-oldrel-macos-x86_64 | 1.0.6 | 24.00 | OK | |||
r-oldrel-windows-x86_64 | 1.0.6 | 4.00 | 42.00 | 46.00 | OK |
Version: 1.0.6
Check: CRAN incoming feasibility
Result: NOTE
Maintainer: ‘Martin Aryee <martin.aryee@gmail.com>’
No Authors@R field in DESCRIPTION.
Please add one, modifying
Authors@R: c(person(given = "Zhijin",
family = "Wu",
role = "aut",
comment = "Jean"),
person(given = "Martin",
family = "Aryee",
role = c("aut", "cre"),
email = "martin.aryee@gmail.com"))
as necessary.
Flavors: r-devel-linux-x86_64-debian-clang, r-devel-linux-x86_64-debian-gcc