Last updated on 2025-04-30 01:50:38 CEST.
Flavor | Version | Tinstall | Tcheck | Ttotal | Status | Flags |
---|---|---|---|---|---|---|
r-devel-linux-x86_64-debian-clang | 0.1.1 | 6.06 | 137.73 | 143.79 | NOTE | |
r-devel-linux-x86_64-debian-gcc | 0.1.1 | 4.70 | 99.08 | 103.78 | NOTE | |
r-devel-linux-x86_64-fedora-clang | 0.1.1 | 226.25 | OK | |||
r-devel-linux-x86_64-fedora-gcc | 0.1.1 | 266.69 | OK | |||
r-devel-windows-x86_64 | 0.1.1 | 6.00 | 162.00 | 168.00 | OK | |
r-patched-linux-x86_64 | 0.1.1 | 5.78 | 133.47 | 139.25 | OK | |
r-release-linux-x86_64 | 0.1.1 | 5.75 | 134.13 | 139.88 | OK | |
r-release-macos-arm64 | 0.1.1 | 86.00 | OK | |||
r-release-macos-x86_64 | 0.1.1 | 170.00 | OK | |||
r-release-windows-x86_64 | 0.1.1 | 7.00 | 179.00 | 186.00 | OK | |
r-oldrel-macos-arm64 | 0.1.1 | 72.00 | OK | |||
r-oldrel-macos-x86_64 | 0.1.1 | 124.00 | OK | |||
r-oldrel-windows-x86_64 | 0.1.1 | 9.00 | 204.00 | 213.00 | OK |
Version: 0.1.1
Check: CRAN incoming feasibility
Result: NOTE
Maintainer: ‘Miki Horiguchi <horiguchimiki@gmail.com>’
No Authors@R field in DESCRIPTION.
Please add one, modifying
Authors@R: c(person(given = "Miki",
family = "Horiguchi",
role = c("aut", "cre"),
email = "horiguchimiki@gmail.com"),
person(given = "Hajime",
family = "Uno",
role = "aut"))
as necessary.
Flavors: r-devel-linux-x86_64-debian-clang, r-devel-linux-x86_64-debian-gcc