Last updated on 2025-05-09 01:50:20 CEST.
Flavor | Version | Tinstall | Tcheck | Ttotal | Status | Flags |
---|---|---|---|---|---|---|
r-devel-linux-x86_64-debian-clang | 5.2.1 | 5.78 | 40.26 | 46.04 | NOTE | |
r-devel-linux-x86_64-debian-gcc | 5.2.1 | 3.82 | 30.22 | 34.04 | NOTE | |
r-devel-linux-x86_64-fedora-clang | 5.2.1 | 63.23 | OK | |||
r-devel-linux-x86_64-fedora-gcc | 5.2.1 | 68.61 | OK | |||
r-devel-windows-x86_64 | 5.2.1 | 6.00 | 59.00 | 65.00 | OK | |
r-patched-linux-x86_64 | 5.2.1 | 6.20 | 38.54 | 44.74 | OK | |
r-release-linux-x86_64 | 5.2.1 | 5.55 | 38.38 | 43.93 | OK | |
r-release-macos-arm64 | 5.2.1 | 26.00 | OK | |||
r-release-macos-x86_64 | 5.2.1 | 37.00 | OK | |||
r-release-windows-x86_64 | 5.2.1 | 6.00 | 60.00 | 66.00 | OK | |
r-oldrel-macos-arm64 | 5.2.1 | 22.00 | OK | |||
r-oldrel-macos-x86_64 | 5.2.1 | 31.00 | OK | |||
r-oldrel-windows-x86_64 | 5.2.1 | 8.00 | 67.00 | 75.00 | OK |
Version: 5.2.1
Check: CRAN incoming feasibility
Result: NOTE
Maintainer: ‘Deniz Akdemir <deniz.akdemir.work@gmail.com>’
No Authors@R field in DESCRIPTION.
Please add one, modifying
Authors@R: person(given = "Deniz",
family = "Akdemir",
role = c("aut", "cre"),
email = "deniz.akdemir.work@gmail.com")
as necessary.
Flavors: r-devel-linux-x86_64-debian-clang, r-devel-linux-x86_64-debian-gcc