Last updated on 2025-10-31 01:49:16 CET.
| Flavor | Version | Tinstall | Tcheck | Ttotal | Status | Flags | 
|---|---|---|---|---|---|---|
| r-devel-linux-x86_64-debian-clang | 1.0.1 | 2.70 | 30.73 | 33.43 | NOTE | |
| r-devel-linux-x86_64-debian-gcc | 1.0.1 | 2.11 | 23.69 | 25.80 | NOTE | |
| r-devel-linux-x86_64-fedora-clang | 1.0.1 | 49.00 | OK | |||
| r-devel-linux-x86_64-fedora-gcc | 1.0.1 | 49.30 | OK | |||
| r-devel-windows-x86_64 | 1.0.1 | 5.00 | 45.00 | 50.00 | OK | |
| r-patched-linux-x86_64 | 1.0.1 | 2.48 | 28.49 | 30.97 | OK | |
| r-release-linux-x86_64 | 1.0.1 | 2.97 | 28.41 | 31.38 | OK | |
| r-release-macos-arm64 | 1.0.1 | 2.00 | 22.00 | 24.00 | OK | |
| r-release-macos-x86_64 | 1.0.1 | 3.00 | 29.00 | 32.00 | OK | |
| r-release-windows-x86_64 | 1.0.1 | 4.00 | 48.00 | 52.00 | OK | |
| r-oldrel-macos-arm64 | 1.0.1 | 2.00 | 18.00 | 20.00 | OK | |
| r-oldrel-macos-x86_64 | 1.0.1 | 2.00 | 26.00 | 28.00 | OK | |
| r-oldrel-windows-x86_64 | 1.0.1 | 9.00 | 53.00 | 62.00 | OK | 
Version: 1.0.1
Check: CRAN incoming feasibility
Result: NOTE
  Maintainer: ‘Damien Challet <damien.challet@gmail.com>’
  
  No Authors@R field in DESCRIPTION.
  Please add one, modifying
    Authors@R: person(given = "Damien",
                      family = "Challet",
                      role = c("aut", "cre"),
                      email = "damien.challet@gmail.com")
  as necessary.
Flavors: r-devel-linux-x86_64-debian-clang, r-devel-linux-x86_64-debian-gcc