Last updated on 2025-10-22 01:51:38 CEST.
Flavor | Version | Tinstall | Tcheck | Ttotal | Status | Flags |
---|---|---|---|---|---|---|
r-devel-linux-x86_64-debian-clang | 6.1.0 | 76.49 | 186.24 | 262.73 | NOTE | |
r-devel-linux-x86_64-debian-gcc | 6.1.0 | 48.83 | 130.35 | 179.18 | NOTE | |
r-devel-linux-x86_64-fedora-clang | 6.1.0 | 198.00 | 204.58 | 402.58 | OK | |
r-devel-linux-x86_64-fedora-gcc | 6.1.0 | 134.00 | 290.86 | 424.86 | OK | |
r-devel-windows-x86_64 | 6.1.0 | 82.00 | 447.00 | 529.00 | OK | |
r-patched-linux-x86_64 | 6.1.0 | 72.14 | 171.03 | 243.17 | OK | |
r-release-linux-x86_64 | 6.1.0 | 76.05 | 172.05 | 248.10 | OK | |
r-release-macos-arm64 | 6.1.0 | 28.00 | 199.00 | 227.00 | OK | |
r-release-macos-x86_64 | 6.1.0 | 51.00 | 426.00 | 477.00 | OK | |
r-release-windows-x86_64 | 6.1.0 | 82.00 | 449.00 | 531.00 | OK | |
r-oldrel-macos-arm64 | 6.1.0 | 30.00 | 208.00 | 238.00 | NOTE | |
r-oldrel-macos-x86_64 | 6.1.0 | 52.00 | 430.00 | 482.00 | NOTE | |
r-oldrel-windows-x86_64 | 6.1.0 | 107.00 | 584.00 | 691.00 | OK |
Version: 6.1.0
Check: HTML version of manual
Result: NOTE
Found the following HTML validation problems:
SccsData-class.html:53:1 (SccsData-class.Rd:16): Warning: missing </ul> before </div>
SccsIntervalData-class.html:54:1 (SccsIntervalData-class.Rd:16): Warning: missing </ul> before </div>
migrateDataModel.html:57:1 (migrateDataModel.Rd:14): Warning: missing </ul> before </div>
saveExposuresOutcomeList.html:50:1 (saveExposuresOutcomeList.Rd:12): Warning: missing </ul> before </div>
saveSccsAnalysisList.html:50:1 (saveSccsAnalysisList.Rd:12): Warning: missing </ul> before </div>
uploadResults.html:91:1 (uploadResults.Rd:41): Warning: missing </ul> before </div>
Flavors: r-devel-linux-x86_64-debian-clang, r-devel-linux-x86_64-debian-gcc
Version: 6.1.0
Check: installed package size
Result: NOTE
installed size is 6.0Mb
sub-directories of 1Mb or more:
libs 3.9Mb
Flavors: r-oldrel-macos-arm64, r-oldrel-macos-x86_64