Last updated on 2025-02-20 01:50:46 CET.
Flavor | Version | Tinstall | Tcheck | Ttotal | Status | Flags |
---|---|---|---|---|---|---|
r-devel-linux-x86_64-debian-clang | 1.1.3 | 2.13 | 34.28 | 36.41 | NOTE | |
r-devel-linux-x86_64-debian-gcc | 1.1.3 | 1.57 | 24.48 | 26.05 | NOTE | |
r-devel-linux-x86_64-fedora-clang | 1.1.3 | 62.45 | NOTE | |||
r-devel-linux-x86_64-fedora-gcc | 1.1.3 | 70.59 | NOTE | |||
r-devel-macos-arm64 | 1.1.3 | 28.00 | NOTE | |||
r-devel-macos-x86_64 | 1.1.3 | 47.00 | NOTE | |||
r-devel-windows-x86_64 | 1.1.3 | 3.00 | 60.00 | 63.00 | NOTE | |
r-patched-linux-x86_64 | 1.1.3 | 2.07 | 32.17 | 34.24 | NOTE | |
r-release-linux-x86_64 | 1.1.3 | 1.92 | 32.23 | 34.15 | NOTE | |
r-release-macos-arm64 | 1.1.3 | 27.00 | NOTE | |||
r-release-macos-x86_64 | 1.1.3 | 38.00 | NOTE | |||
r-release-windows-x86_64 | 1.1.3 | 3.00 | 58.00 | 61.00 | NOTE | |
r-oldrel-macos-arm64 | 1.1.3 | 29.00 | NOTE | |||
r-oldrel-macos-x86_64 | 1.1.3 | 41.00 | NOTE | |||
r-oldrel-windows-x86_64 | 1.1.3 | 4.00 | 60.00 | 64.00 | NOTE |
Version: 1.1.3
Check: package subdirectories
Result: NOTE
Problems with news in ‘NEWS.md’:
No news entries found.
Flavors: r-devel-linux-x86_64-debian-clang, r-devel-linux-x86_64-debian-gcc, r-devel-linux-x86_64-fedora-clang, r-devel-linux-x86_64-fedora-gcc, r-devel-macos-arm64, r-devel-macos-x86_64, r-devel-windows-x86_64, r-patched-linux-x86_64, r-release-linux-x86_64, r-release-macos-arm64, r-release-macos-x86_64, r-release-windows-x86_64, r-oldrel-macos-arm64, r-oldrel-macos-x86_64, r-oldrel-windows-x86_64