Last updated on 2025-04-30 01:50:36 CEST.
Flavor | Version | Tinstall | Tcheck | Ttotal | Status | Flags |
---|---|---|---|---|---|---|
r-devel-linux-x86_64-debian-clang | 1.4.6 | 9.08 | 73.79 | 82.87 | NOTE | |
r-devel-linux-x86_64-debian-gcc | 1.4.6 | 6.25 | 48.22 | 54.47 | NOTE | |
r-devel-linux-x86_64-fedora-clang | 1.4.6 | 132.96 | OK | |||
r-devel-linux-x86_64-fedora-gcc | 1.4.6 | 129.66 | OK | |||
r-devel-windows-x86_64 | 1.4.6 | 8.00 | 119.00 | 127.00 | OK | |
r-patched-linux-x86_64 | 1.4.6 | 8.47 | 71.09 | 79.56 | OK | |
r-release-linux-x86_64 | 1.4.6 | 8.98 | 71.42 | 80.40 | OK | |
r-release-macos-arm64 | 1.4.6 | 35.00 | OK | |||
r-release-macos-x86_64 | 1.4.6 | 65.00 | OK | |||
r-release-windows-x86_64 | 1.4.6 | 9.00 | 97.00 | 106.00 | OK | |
r-oldrel-macos-arm64 | 1.4.6 | 32.00 | OK | |||
r-oldrel-macos-x86_64 | 1.4.6 | 52.00 | OK | |||
r-oldrel-windows-x86_64 | 1.4.6 | 11.00 | 115.00 | 126.00 | OK |
Version: 1.4.6
Check: CRAN incoming feasibility
Result: NOTE
Maintainer: ‘Agnieszka Listwon-Krol <krol@lunenfeld.ca>’
No Authors@R field in DESCRIPTION.
Please add one, modifying
Authors@R: c(person(given = "Agnieszka",
family = "Listwon-Krol",
role = c("aut", "cre"),
email = "krol@lunenfeld.ca"),
person(given = "Philippe",
family = "Saint-Pierre",
role = "aut"))
as necessary.
Package CITATION file contains call(s) to old-style personList() or
as.personList(). Please use c() on person objects instead.
Package CITATION file contains call(s) to old-style citEntry(). Please
use bibentry() instead.
Flavors: r-devel-linux-x86_64-debian-clang, r-devel-linux-x86_64-debian-gcc