Last updated on 2025-04-30 01:50:36 CEST.
Flavor | Version | Tinstall | Tcheck | Ttotal | Status | Flags |
---|---|---|---|---|---|---|
r-devel-linux-x86_64-debian-clang | 1.0.0 | 5.07 | 31.64 | 36.71 | NOTE | |
r-devel-linux-x86_64-debian-gcc | 1.0.0 | 3.59 | 22.90 | 26.49 | NOTE | |
r-devel-linux-x86_64-fedora-clang | 1.0.0 | 59.00 | OK | |||
r-devel-linux-x86_64-fedora-gcc | 1.0.0 | 56.71 | OK | |||
r-devel-windows-x86_64 | 1.0.0 | 7.00 | 58.00 | 65.00 | OK | |
r-patched-linux-x86_64 | 1.0.0 | 5.34 | 30.21 | 35.55 | OK | |
r-release-linux-x86_64 | 1.0.0 | 5.21 | 30.62 | 35.83 | OK | |
r-release-macos-arm64 | 1.0.0 | 29.00 | OK | |||
r-release-macos-x86_64 | 1.0.0 | 43.00 | OK | |||
r-release-windows-x86_64 | 1.0.0 | 6.00 | 61.00 | 67.00 | OK | |
r-oldrel-macos-arm64 | 1.0.0 | 29.00 | OK | |||
r-oldrel-macos-x86_64 | 1.0.0 | 44.00 | OK | |||
r-oldrel-windows-x86_64 | 1.0.0 | 8.00 | 66.00 | 74.00 | OK |
Version: 1.0.0
Check: examples
Result: NOTE
Examples with CPU (user + system) or elapsed time > 5s
user system elapsed
Mixt.fit 1.308 0.051 10.463
Flavor: r-devel-linux-x86_64-debian-clang
Version: 1.0.0
Check: examples
Result: NOTE
Examples with CPU (user + system) or elapsed time > 5s
user system elapsed
Mixt.fit 0.742 0.06 5.566
Flavor: r-devel-linux-x86_64-debian-gcc