CRAN Package Check Results for Package SensitivityCaseControl

Last updated on 2025-07-20 02:49:28 CEST.

Flavor Version Tinstall Tcheck Ttotal Status Flags
r-devel-linux-x86_64-debian-clang 2.2 2.06 20.69 22.75 NOTE
r-devel-linux-x86_64-debian-gcc 2.2 1.51 17.43 18.94 NOTE
r-devel-linux-x86_64-fedora-clang 2.2 35.99 OK
r-devel-linux-x86_64-fedora-gcc 2.2 33.52 OK
r-devel-windows-x86_64 2.2 2.00 42.00 44.00 OK
r-patched-linux-x86_64 2.2 2.09 19.39 21.48 OK
r-release-linux-x86_64 2.2 1.95 19.33 21.28 OK
r-release-macos-arm64 2.2 17.00 OK
r-release-macos-x86_64 2.2 26.00 OK
r-release-windows-x86_64 2.2 3.00 41.00 44.00 OK
r-oldrel-macos-arm64 2.2 16.00 OK
r-oldrel-macos-x86_64 2.2 22.00 OK
r-oldrel-windows-x86_64 2.2 3.00 40.00 43.00 OK

Check Details

Version: 2.2
Check: CRAN incoming feasibility
Result: NOTE Maintainer: ‘Dylan Small <dsmall@wharton.upenn.edu>’ No Authors@R field in DESCRIPTION. Please add one, modifying Authors@R: person(given = "Dylan", family = "Small", role = c("aut", "cre"), email = "dsmall@wharton.upenn.edu") as necessary. Flavors: r-devel-linux-x86_64-debian-clang, r-devel-linux-x86_64-debian-gcc