Last updated on 2024-05-21 02:02:21 CEST.
Flavor | Version | Tinstall | Tcheck | Ttotal | Status | Flags |
---|---|---|---|---|---|---|
r-devel-linux-x86_64-debian-clang | 1.4.0 | 30.69 | 36.12 | 66.81 | NOTE | |
r-devel-linux-x86_64-debian-gcc | 1.4.0 | 26.46 | 28.03 | 54.49 | NOTE | |
r-devel-linux-x86_64-fedora-clang | 1.4.0 | 97.71 | NOTE | |||
r-devel-linux-x86_64-fedora-gcc | 1.4.0 | 95.72 | NOTE | |||
r-devel-windows-x86_64 | 1.4.0 | 28.00 | 64.00 | 92.00 | NOTE | |
r-patched-linux-x86_64 | 1.4.0 | 36.37 | 35.35 | 71.72 | NOTE | |
r-release-linux-x86_64 | 1.4.0 | 35.04 | 34.12 | 69.16 | NOTE | |
r-release-macos-arm64 | 1.4.0 | 28.00 | NOTE | |||
r-release-windows-x86_64 | 1.4.0 | 27.00 | 71.00 | 98.00 | NOTE | |
r-oldrel-macos-arm64 | 1.4.0 | 28.00 | NOTE | |||
r-oldrel-macos-x86_64 | 1.4.0 | 44.00 | NOTE | |||
r-oldrel-windows-x86_64 | 1.4.0 | 34.00 | 76.00 | 110.00 | NOTE |
Version: 1.4.0
Check: C++ specification
Result: NOTE
Specified C++11: please drop specification unless essential
Flavors: r-devel-linux-x86_64-debian-clang, r-devel-linux-x86_64-debian-gcc, r-devel-linux-x86_64-fedora-clang, r-devel-linux-x86_64-fedora-gcc, r-devel-windows-x86_64, r-patched-linux-x86_64, r-release-linux-x86_64, r-release-macos-arm64, r-release-windows-x86_64, r-oldrel-macos-arm64, r-oldrel-macos-x86_64, r-oldrel-windows-x86_64