Last updated on 2025-05-05 01:51:03 CEST.
Flavor | Version | Tinstall | Tcheck | Ttotal | Status | Flags |
---|---|---|---|---|---|---|
r-devel-linux-x86_64-debian-clang | 3.4 | 24.31 | 92.72 | 117.03 | NOTE | |
r-devel-linux-x86_64-debian-gcc | 3.4 | 17.13 | 62.71 | 79.84 | NOTE | |
r-devel-linux-x86_64-fedora-clang | 3.4 | 219.05 | OK | |||
r-devel-linux-x86_64-fedora-gcc | 3.4 | 211.71 | OK | |||
r-devel-windows-x86_64 | 3.4 | 30.00 | 121.00 | 151.00 | OK | |
r-patched-linux-x86_64 | 3.4 | 25.66 | 87.67 | 113.33 | OK | |
r-release-linux-x86_64 | 3.4 | 23.87 | 87.87 | 111.74 | OK | |
r-release-macos-arm64 | 3.4 | 73.00 | OK | |||
r-release-macos-x86_64 | 3.4 | 120.00 | OK | |||
r-release-windows-x86_64 | 3.4 | 30.00 | 120.00 | 150.00 | OK | |
r-oldrel-macos-arm64 | 3.4 | 59.00 | OK | |||
r-oldrel-macos-x86_64 | 3.4 | 82.00 | OK | |||
r-oldrel-windows-x86_64 | 3.4 | 36.00 | 141.00 | 177.00 | OK |
Version: 3.4
Check: CRAN incoming feasibility
Result: NOTE
Maintainer: ‘Daniel Greene <dg333@cam.ac.uk>’
No Authors@R field in DESCRIPTION.
Please add one, modifying
Authors@R: person(given = "Daniel",
family = "Greene",
role = c("aut", "cre"),
email = "dg333@cam.ac.uk")
as necessary.
Flavors: r-devel-linux-x86_64-debian-clang, r-devel-linux-x86_64-debian-gcc