Last updated on 2025-04-30 02:50:52 CEST.
Flavor | Version | Tinstall | Tcheck | Ttotal | Status | Flags |
---|---|---|---|---|---|---|
r-devel-linux-x86_64-debian-clang | 1.3.2 | 3.09 | 69.89 | 72.98 | NOTE | |
r-devel-linux-x86_64-debian-gcc | 1.3.2 | 2.06 | 54.00 | 56.06 | OK | |
r-devel-linux-x86_64-fedora-clang | 1.3.2 | 110.62 | OK | |||
r-devel-linux-x86_64-fedora-gcc | 1.3.2 | 130.83 | OK | |||
r-devel-windows-x86_64 | 1.3.2 | 5.00 | 102.00 | 107.00 | OK | |
r-patched-linux-x86_64 | 1.3.2 | 3.63 | 65.98 | 69.61 | OK | |
r-release-linux-x86_64 | 1.3.2 | 2.38 | 65.61 | 67.99 | OK | |
r-release-macos-arm64 | 1.3.2 | 55.00 | OK | |||
r-release-macos-x86_64 | 1.3.2 | 84.00 | OK | |||
r-release-windows-x86_64 | 1.3.2 | 5.00 | 98.00 | 103.00 | OK | |
r-oldrel-macos-arm64 | 1.3.2 | 59.00 | OK | |||
r-oldrel-macos-x86_64 | 1.3.2 | 75.00 | OK | |||
r-oldrel-windows-x86_64 | 1.3.2 | 6.00 | 115.00 | 121.00 | OK |
Version: 1.3.2
Check: examples
Result: NOTE
Examples with CPU (user + system) or elapsed time > 5s
user system elapsed
eig.sample 3.325 0.662 5.786
Flavor: r-devel-linux-x86_64-debian-clang