CRAN Package Check Results for Package StepSignalMargiLike

Last updated on 2025-11-27 01:48:48 CET.

Flavor Version Tinstall Tcheck Ttotal Status Flags
r-devel-linux-x86_64-debian-clang 2.6.0 22.74 26.65 49.39 NOTE
r-devel-linux-x86_64-debian-gcc 2.6.0 14.38 21.08 35.46 NOTE
r-devel-linux-x86_64-fedora-clang 2.6.0 44.00 41.41 85.41 NOTE
r-devel-linux-x86_64-fedora-gcc 2.6.0 36.00 38.01 74.01 NOTE
r-devel-windows-x86_64 2.6.0 30.00 64.00 94.00 NOTE
r-patched-linux-x86_64 2.6.0 21.03 25.02 46.05 NOTE
r-release-linux-x86_64 2.6.0 21.31 24.97 46.28 NOTE
r-release-macos-arm64 2.6.0 NOTE
r-release-macos-x86_64 2.6.0 9.00 26.00 35.00 NOTE
r-release-windows-x86_64 2.6.0 26.00 79.00 105.00 NOTE
r-oldrel-macos-arm64 2.6.0 NOTE
r-oldrel-macos-x86_64 2.6.0 9.00 25.00 34.00 NOTE
r-oldrel-windows-x86_64 2.6.0 28.00 72.00 100.00 NOTE

Check Details

Version: 2.6.0
Check: CRAN incoming feasibility
Result: NOTE Maintainer: ‘Chu-Lan Michael Kao <chulankao@gmail.com>’ No Authors@R field in DESCRIPTION. Please add one, modifying Authors@R: c(person(given = "Chao", family = "Du", role = "aut"), person(given = c("Chu-Lan", "Michael"), family = "Kao", role = c("aut", "cre"), email = "chulankao@gmail.com"), person(given = "Samuel", family = "Kou", role = "aut")) as necessary. Flavors: r-devel-linux-x86_64-debian-clang, r-devel-linux-x86_64-debian-gcc

Version: 2.6.0
Check: C++ specification
Result: NOTE Specified C++11: please drop specification unless essential Flavors: r-devel-linux-x86_64-debian-clang, r-devel-linux-x86_64-debian-gcc, r-devel-windows-x86_64, r-patched-linux-x86_64, r-release-linux-x86_64, r-release-macos-arm64, r-release-macos-x86_64, r-release-windows-x86_64, r-oldrel-macos-arm64, r-oldrel-macos-x86_64, r-oldrel-windows-x86_64

Version: 2.6.0
Check: C++ specification
Result: NOTE Specified C++11: support will be removed soon Flavors: r-devel-linux-x86_64-fedora-clang, r-devel-linux-x86_64-fedora-gcc