CRAN Package Check Results for Package SubtypeDrug

Last updated on 2025-04-30 01:50:39 CEST.

Flavor Version Tinstall Tcheck Ttotal Status Flags
r-devel-linux-x86_64-debian-clang 0.1.9 54.51 453.84 508.35 NOTE
r-devel-linux-x86_64-debian-gcc 0.1.9 41.64 330.35 371.99 NOTE
r-devel-linux-x86_64-fedora-clang 0.1.9 835.08 OK
r-devel-linux-x86_64-fedora-gcc 0.1.9 767.91 OK
r-devel-windows-x86_64 0.1.9 57.00 488.00 545.00 OK
r-patched-linux-x86_64 0.1.9 52.18 430.76 482.94 OK
r-release-linux-x86_64 0.1.9 54.13 429.10 483.23 OK
r-release-macos-arm64 0.1.9 297.00 OK
r-release-macos-x86_64 0.1.9 6.00 ERROR
r-release-windows-x86_64 0.1.9 56.00 410.00 466.00 OK
r-oldrel-macos-arm64 0.1.9 223.00 OK
r-oldrel-macos-x86_64 0.1.9 322.00 NOTE
r-oldrel-windows-x86_64 0.1.9 46.00 6.00 52.00 ERROR

Check Details

Version: 0.1.9
Check: CRAN incoming feasibility
Result: NOTE Maintainer: ‘Junwei Han <hanjunwei1981@163.com>’ No Authors@R field in DESCRIPTION. Please add one, modifying Authors@R: c(person(given = "Xudong", family = "Han", role = "aut"), person(given = "Junwei", family = "Han", role = c("aut", "cre"), email = "hanjunwei1981@163.com"), person(given = "Chonghui", family = "Liu", role = "aut")) as necessary. Flavors: r-devel-linux-x86_64-debian-clang, r-devel-linux-x86_64-debian-gcc

Version: 0.1.9
Check: package dependencies
Result: ERROR Package required but not available: ‘ChemmineR’ See section ‘The DESCRIPTION file’ in the ‘Writing R Extensions’ manual. Flavor: r-release-macos-x86_64

Version: 0.1.9
Check: installed package size
Result: NOTE installed size is 5.7Mb sub-directories of 1Mb or more: data 5.0Mb Flavor: r-oldrel-macos-x86_64

Version: 0.1.9
Check: whether package can be installed
Result: ERROR Installation failed. Flavor: r-oldrel-windows-x86_64