Last updated on 2024-05-21 02:02:23 CEST.
Flavor | Version | Tinstall | Tcheck | Ttotal | Status | Flags |
---|---|---|---|---|---|---|
r-devel-linux-x86_64-debian-clang | 2.0.3 | 103.51 | 177.83 | 281.34 | OK | |
r-devel-linux-x86_64-debian-gcc | 2.0.3 | 76.92 | 171.63 | 248.55 | OK | |
r-devel-linux-x86_64-fedora-clang | 2.0.3 | 374.58 | OK | |||
r-devel-linux-x86_64-fedora-gcc | 2.0.3 | 447.62 | OK | |||
r-devel-windows-x86_64 | 2.0.3 | 85.00 | 200.00 | 285.00 | OK | |
r-patched-linux-x86_64 | 2.0.3 | 105.89 | 221.35 | 327.24 | OK | |
r-release-linux-x86_64 | 2.0.3 | 106.22 | 227.54 | 333.76 | OK | |
r-release-macos-arm64 | 2.0.3 | 163.00 | NOTE | |||
r-release-windows-x86_64 | 2.0.3 | 83.00 | 196.00 | 279.00 | OK | |
r-oldrel-macos-arm64 | 2.0.3 | 186.00 | NOTE | |||
r-oldrel-macos-x86_64 | 2.0.3 | 276.00 | NOTE | |||
r-oldrel-windows-x86_64 | 2.0.3 | 104.00 | 239.00 | 343.00 | OK |
Version: 2.0.3
Check: installed package size
Result: NOTE
installed size is 7.9Mb
sub-directories of 1Mb or more:
libs 7.2Mb
Flavors: r-release-macos-arm64, r-oldrel-macos-arm64, r-oldrel-macos-x86_64