Last updated on 2025-02-10 02:50:06 CET.
Flavor | Version | Tinstall | Tcheck | Ttotal | Status | Flags |
---|---|---|---|---|---|---|
r-devel-linux-x86_64-debian-clang | 1.0 | 28.22 | 64.77 | 92.99 | OK | |
r-devel-linux-x86_64-debian-gcc | 1.0 | 23.42 | 50.60 | 74.02 | OK | |
r-devel-linux-x86_64-fedora-clang | 1.0 | 168.87 | OK | |||
r-devel-linux-x86_64-fedora-gcc | 1.0 | 160.96 | OK | |||
r-devel-windows-x86_64 | 1.0 | 34.00 | 92.00 | 126.00 | OK | |
r-patched-linux-x86_64 | 1.0 | 32.21 | 62.66 | 94.87 | OK | |
r-release-linux-x86_64 | 1.0 | 28.81 | 61.85 | 90.66 | OK | |
r-release-macos-arm64 | 1.0 | 48.00 | NOTE | |||
r-release-macos-x86_64 | 1.0 | 83.00 | NOTE | |||
r-release-windows-x86_64 | 1.0 | 34.00 | 95.00 | 129.00 | OK | |
r-oldrel-macos-arm64 | 1.0 | 55.00 | NOTE | |||
r-oldrel-macos-x86_64 | 1.0 | 96.00 | NOTE | |||
r-oldrel-windows-x86_64 | 1.0 | 38.00 | 118.00 | 156.00 | OK |
Version: 1.0
Check: installed package size
Result: NOTE
installed size is 6.7Mb
sub-directories of 1Mb or more:
libs 6.5Mb
Flavors: r-release-macos-arm64, r-release-macos-x86_64, r-oldrel-macos-arm64, r-oldrel-macos-x86_64