Last updated on 2025-02-20 01:50:48 CET.
Flavor | Version | Tinstall | Tcheck | Ttotal | Status | Flags |
---|---|---|---|---|---|---|
r-devel-linux-x86_64-debian-clang | 0.2.0 | 6.28 | 54.53 | 60.81 | OK | |
r-devel-linux-x86_64-debian-gcc | 0.2.0 | 4.75 | 38.97 | 43.72 | OK | |
r-devel-linux-x86_64-fedora-clang | 0.2.0 | 100.22 | OK | |||
r-devel-linux-x86_64-fedora-gcc | 0.2.0 | 90.05 | OK | |||
r-devel-macos-arm64 | 0.2.0 | 31.00 | OK | |||
r-devel-macos-x86_64 | 0.2.0 | 58.00 | OK | |||
r-devel-windows-x86_64 | 0.2.0 | 8.00 | 71.00 | 79.00 | OK | |
r-patched-linux-x86_64 | 0.2.0 | 7.14 | 49.73 | 56.87 | OK | |
r-release-linux-x86_64 | 0.2.0 | 6.14 | 49.11 | 55.25 | OK | |
r-release-macos-arm64 | 0.2.0 | 32.00 | OK | |||
r-release-macos-x86_64 | 0.2.0 | 54.00 | OK | |||
r-release-windows-x86_64 | 0.2.0 | 8.00 | 3.00 | 11.00 | FAIL | |
r-oldrel-macos-arm64 | 0.2.0 | 34.00 | OK | |||
r-oldrel-macos-x86_64 | 0.2.0 | 54.00 | OK | |||
r-oldrel-windows-x86_64 | 0.2.0 | 10.00 | 77.00 | 87.00 | OK |
Version: 0.2.0
Check: package dependencies
Result: FAIL
Flavor: r-release-windows-x86_64