CRAN Package Check Results for Package SvyNom

Last updated on 2025-05-01 01:49:48 CEST.

Flavor Version Tinstall Tcheck Ttotal Status Flags
r-devel-linux-x86_64-debian-clang 1.2 13.31 106.11 119.42 NOTE
r-devel-linux-x86_64-debian-gcc 1.2 8.79 76.34 85.13 NOTE
r-devel-linux-x86_64-fedora-clang 1.2 170.28 OK
r-devel-linux-x86_64-fedora-gcc 1.2 164.27 OK
r-devel-windows-x86_64 1.2 14.00 104.00 118.00 OK
r-patched-linux-x86_64 1.2 12.89 100.17 113.06 OK
r-release-linux-x86_64 1.2 11.18 100.40 111.58 OK
r-release-macos-arm64 1.2 50.00 OK
r-release-macos-x86_64 1.2 93.00 OK
r-release-windows-x86_64 1.2 14.00 107.00 121.00 OK
r-oldrel-macos-arm64 1.2 50.00 OK
r-oldrel-macos-x86_64 1.2 81.00 OK
r-oldrel-windows-x86_64 1.2 18.00 139.00 157.00 OK

Check Details

Version: 1.2
Check: CRAN incoming feasibility
Result: NOTE Maintainer: ‘Mithat Gonen <gonenm@mskcc.org>’ Package CITATION file contains call(s) to old-style personList() or as.personList(). Please use c() on person objects instead. Package CITATION file contains call(s) to old-style citEntry(). Please use bibentry() instead. Flavors: r-devel-linux-x86_64-debian-clang, r-devel-linux-x86_64-debian-gcc

Version: 1.2
Check: examples
Result: NOTE Examples with CPU (user + system) or elapsed time > 5s user system elapsed svycox.validate 4.832 0.133 6.484 Flavor: r-devel-linux-x86_64-debian-clang