Last updated on 2024-05-21 02:02:23 CEST.
Flavor | Version | Tinstall | Tcheck | Ttotal | Status | Flags |
---|---|---|---|---|---|---|
r-devel-linux-x86_64-debian-clang | 2.0.0 | 3.55 | 34.62 | 38.17 | NOTE | |
r-devel-linux-x86_64-debian-gcc | 2.0.0 | 3.01 | 26.48 | 29.49 | NOTE | |
r-devel-linux-x86_64-fedora-clang | 2.0.0 | 49.72 | NOTE | |||
r-devel-linux-x86_64-fedora-gcc | 2.0.0 | 58.50 | NOTE | |||
r-devel-windows-x86_64 | 2.0.0 | 3.00 | 48.00 | 51.00 | NOTE | |
r-patched-linux-x86_64 | 2.0.0 | 3.81 | 33.21 | 37.02 | NOTE | |
r-release-linux-x86_64 | 2.0.0 | 4.07 | 32.95 | 37.02 | NOTE | |
r-release-macos-arm64 | 2.0.0 | 22.00 | NOTE | |||
r-release-windows-x86_64 | 2.0.0 | 4.00 | 49.00 | 53.00 | NOTE | |
r-oldrel-macos-arm64 | 2.0.0 | 23.00 | NOTE | |||
r-oldrel-macos-x86_64 | 2.0.0 | 43.00 | NOTE | |||
r-oldrel-windows-x86_64 | 2.0.0 | 6.00 | 54.00 | 60.00 | NOTE |
Version: 2.0.0
Check: LazyData
Result: NOTE
'LazyData' is specified without a 'data' directory
Flavors: r-devel-linux-x86_64-debian-clang, r-devel-linux-x86_64-debian-gcc, r-devel-linux-x86_64-fedora-clang, r-devel-linux-x86_64-fedora-gcc, r-devel-windows-x86_64, r-patched-linux-x86_64, r-release-linux-x86_64, r-release-macos-arm64, r-release-windows-x86_64, r-oldrel-macos-arm64, r-oldrel-macos-x86_64, r-oldrel-windows-x86_64