Last updated on 2025-05-09 01:50:20 CEST.
Flavor | Version | Tinstall | Tcheck | Ttotal | Status | Flags |
---|---|---|---|---|---|---|
r-devel-linux-x86_64-debian-clang | 1.3.3 | 2.72 | 24.42 | 27.14 | NOTE | |
r-devel-linux-x86_64-debian-gcc | 1.3.3 | 1.98 | 19.63 | 21.61 | NOTE | |
r-devel-linux-x86_64-fedora-clang | 1.3.3 | 42.58 | OK | |||
r-devel-linux-x86_64-fedora-gcc | 1.3.3 | 40.82 | OK | |||
r-devel-windows-x86_64 | 1.3.3 | 6.00 | 45.00 | 51.00 | OK | |
r-patched-linux-x86_64 | 1.3.3 | 2.58 | 24.29 | 26.87 | OK | |
r-release-linux-x86_64 | 1.3.3 | 2.27 | 23.74 | 26.01 | OK | |
r-release-macos-arm64 | 1.3.3 | 17.00 | OK | |||
r-release-macos-x86_64 | 1.3.3 | 29.00 | OK | |||
r-release-windows-x86_64 | 1.3.3 | 5.00 | 48.00 | 53.00 | OK | |
r-oldrel-macos-arm64 | 1.3.3 | 17.00 | OK | |||
r-oldrel-macos-x86_64 | 1.3.3 | 27.00 | OK | |||
r-oldrel-windows-x86_64 | 1.3.3 | 7.00 | 53.00 | 60.00 | OK |
Version: 1.3.3
Check: CRAN incoming feasibility
Result: NOTE
Maintainer: ‘Gertjan van den Burg <gertjanvandenburg@gmail.com>’
No Authors@R field in DESCRIPTION.
Please add one, modifying
Authors@R: person(given = "Gertjan",
family = "van den Burg",
role = c("aut", "cre"),
email = "gertjanvandenburg@gmail.com")
as necessary.
Flavors: r-devel-linux-x86_64-debian-clang, r-devel-linux-x86_64-debian-gcc