Last updated on 2025-05-01 01:49:49 CEST.
Flavor | Version | Tinstall | Tcheck | Ttotal | Status | Flags |
---|---|---|---|---|---|---|
r-devel-linux-x86_64-debian-clang | 0.1.3 | 9.27 | 72.99 | 82.26 | NOTE | |
r-devel-linux-x86_64-debian-gcc | 0.1.3 | 6.57 | 51.33 | 57.90 | OK | |
r-devel-linux-x86_64-fedora-clang | 0.1.3 | 134.94 | OK | |||
r-devel-linux-x86_64-fedora-gcc | 0.1.3 | 114.06 | OK | |||
r-devel-windows-x86_64 | 0.1.3 | 11.00 | 85.00 | 96.00 | OK | |
r-patched-linux-x86_64 | 0.1.3 | 8.83 | 69.16 | 77.99 | OK | |
r-release-linux-x86_64 | 0.1.3 | 8.67 | 68.18 | 76.85 | OK | |
r-release-macos-arm64 | 0.1.3 | 35.00 | OK | |||
r-release-macos-x86_64 | 0.1.3 | 69.00 | OK | |||
r-release-windows-x86_64 | 0.1.3 | 12.00 | 86.00 | 98.00 | OK | |
r-oldrel-macos-arm64 | 0.1.3 | 34.00 | OK | |||
r-oldrel-macos-x86_64 | 0.1.3 | 63.00 | OK | |||
r-oldrel-windows-x86_64 | 0.1.3 | 13.00 | 108.00 | 121.00 | OK |
Version: 0.1.3
Check: examples
Result: NOTE
Examples with CPU (user + system) or elapsed time > 5s
user system elapsed
Sysrecon 6.143 0.088 7.429
Flavor: r-devel-linux-x86_64-debian-clang