Last updated on 2025-10-31 01:49:16 CET.
| Flavor | Version | Tinstall | Tcheck | Ttotal | Status | Flags | 
|---|---|---|---|---|---|---|
| r-devel-linux-x86_64-debian-clang | 0.1.3 | 105.77 | 122.72 | 228.49 | OK | |
| r-devel-linux-x86_64-debian-gcc | 0.1.3 | 70.94 | 90.99 | 161.93 | OK | |
| r-devel-linux-x86_64-fedora-clang | 0.1.3 | 445.00 | -14.53 | 430.47 | OK | |
| r-devel-linux-x86_64-fedora-gcc | 0.1.3 | 240.00 | 160.91 | 400.91 | OK | |
| r-devel-windows-x86_64 | 0.1.3 | 121.00 | 143.00 | 264.00 | OK | |
| r-patched-linux-x86_64 | 0.1.3 | 110.70 | 121.25 | 231.95 | OK | |
| r-release-linux-x86_64 | 0.1.3 | 106.79 | 121.44 | 228.23 | OK | |
| r-release-macos-arm64 | 0.1.3 | 39.00 | 50.00 | 89.00 | OK | |
| r-release-macos-x86_64 | 0.1.3 | 50.00 | 103.00 | 153.00 | OK | |
| r-release-windows-x86_64 | 0.1.3 | 123.00 | 151.00 | 274.00 | OK | |
| r-oldrel-macos-arm64 | 0.1.3 | 39.00 | 53.00 | 92.00 | NOTE | |
| r-oldrel-macos-x86_64 | 0.1.3 | 64.00 | 117.00 | 181.00 | NOTE | |
| r-oldrel-windows-x86_64 | 0.1.3 | 146.00 | 181.00 | 327.00 | NOTE | 
Version: 0.1.3
Check: installed package size
Result: NOTE
    installed size is 11.1Mb
    sub-directories of 1Mb or more:
      data   4.5Mb
      libs   6.3Mb
Flavors: r-oldrel-macos-arm64, r-oldrel-macos-x86_64, r-oldrel-windows-x86_64