CRAN Package Check Results for Package TNC

Last updated on 2025-05-09 01:50:21 CEST.

Flavor Version Tinstall Tcheck Ttotal Status Flags
r-devel-linux-x86_64-debian-clang 0.1.0 2.32 22.63 24.95 OK
r-devel-linux-x86_64-debian-gcc 0.1.0 1.85 17.73 19.58 OK
r-devel-linux-x86_64-fedora-clang 0.1.0 38.01 OK
r-devel-linux-x86_64-fedora-gcc 0.1.0 35.82 OK
r-devel-windows-x86_64 0.1.0 4.00 106.00 110.00 OK
r-patched-linux-x86_64 0.1.0 2.45 21.44 23.89 OK
r-release-linux-x86_64 0.1.0 2.12 21.74 23.86 OK
r-release-macos-arm64 0.1.0 17.00 OK
r-release-macos-x86_64 0.1.0 29.00 OK
r-release-windows-x86_64 0.1.0 4.00 45.00 49.00 OK
r-oldrel-macos-arm64 0.1.0 16.00 NOTE
r-oldrel-macos-x86_64 0.1.0 26.00 NOTE
r-oldrel-windows-x86_64 0.1.0 4.00 47.00 51.00 NOTE

Check Details

Version: 0.1.0
Check: LazyData
Result: NOTE 'LazyData' is specified without a 'data' directory Flavors: r-oldrel-macos-arm64, r-oldrel-macos-x86_64, r-oldrel-windows-x86_64