Last updated on 2025-02-20 01:50:49 CET.
Flavor | Version | Tinstall | Tcheck | Ttotal | Status | Flags |
---|---|---|---|---|---|---|
r-devel-linux-x86_64-debian-clang | 1.4 | 9.09 | 92.56 | 101.65 | OK | |
r-devel-linux-x86_64-debian-gcc | 1.4 | 6.48 | 65.11 | 71.59 | OK | |
r-devel-linux-x86_64-fedora-clang | 1.4 | 163.40 | OK | |||
r-devel-linux-x86_64-fedora-gcc | 1.4 | 155.94 | OK | |||
r-devel-macos-arm64 | 1.4 | 46.00 | OK | |||
r-devel-macos-x86_64 | 1.4 | 96.00 | OK | |||
r-devel-windows-x86_64 | 1.4 | 9.00 | 94.00 | 103.00 | OK | |
r-patched-linux-x86_64 | 1.4 | 8.38 | 87.28 | 95.66 | OK | |
r-release-linux-x86_64 | 1.4 | 8.59 | 86.15 | 94.74 | OK | |
r-release-macos-arm64 | 1.4 | 42.00 | OK | |||
r-release-macos-x86_64 | 1.4 | 62.00 | OK | |||
r-release-windows-x86_64 | 1.4 | 9.00 | 3.00 | 12.00 | FAIL | |
r-oldrel-macos-arm64 | 1.4 | 50.00 | OK | |||
r-oldrel-macos-x86_64 | 1.4 | 73.00 | OK | |||
r-oldrel-windows-x86_64 | 1.4 | 12.00 | 163.00 | 175.00 | OK |
Version: 1.4
Check: package dependencies
Result: FAIL
Flavor: r-release-windows-x86_64