Last updated on 2025-11-19 01:49:05 CET.
| Flavor | Version | Tinstall | Tcheck | Ttotal | Status | Flags |
|---|---|---|---|---|---|---|
| r-devel-linux-x86_64-debian-clang | 1.0 | 2.48 | 30.10 | 32.58 | OK | |
| r-devel-linux-x86_64-debian-gcc | 1.0 | 1.95 | 23.98 | 25.93 | OK | |
| r-devel-linux-x86_64-fedora-clang | 1.0 | 47.93 | OK | |||
| r-devel-linux-x86_64-fedora-gcc | 1.0 | 12.00 | 36.07 | 48.07 | OK | |
| r-devel-windows-x86_64 | 1.0 | 5.00 | 52.00 | 57.00 | NOTE | |
| r-patched-linux-x86_64 | 1.0 | 2.70 | 28.12 | 30.82 | OK | |
| r-release-linux-x86_64 | 1.0 | 2.31 | 28.08 | 30.39 | OK | |
| r-release-macos-arm64 | 1.0 | 2.00 | 19.00 | 21.00 | OK | |
| r-release-macos-x86_64 | 1.0 | 2.00 | 33.00 | 35.00 | OK | |
| r-release-windows-x86_64 | 1.0 | 4.00 | 77.00 | 81.00 | OK | |
| r-oldrel-macos-arm64 | 1.0 | 2.00 | 23.00 | 25.00 | OK | |
| r-oldrel-macos-x86_64 | 1.0 | 2.00 | 43.00 | 45.00 | OK | |
| r-oldrel-windows-x86_64 | 1.0 | 5.00 | 56.00 | 61.00 | OK |
Version: 1.0
Check: Rd files
Result: NOTE
checkRd: (-1) tpxg-package.Rd:12-18: Only 3 columns allowed in this table (row 1 has 2)
checkRd: (-1) tpxg-package.Rd:12-18: Only 3 columns allowed in this table (row 2 has 2)
checkRd: (-1) tpxg-package.Rd:12-18: Only 3 columns allowed in this table (row 3 has 2)
checkRd: (-1) tpxg-package.Rd:12-18: Only 3 columns allowed in this table (row 4 has 2)
checkRd: (-1) tpxg-package.Rd:12-18: Only 3 columns allowed in this table (row 5 has 2)
Flavor: r-devel-windows-x86_64