CRAN Package Check Results for Package TRES

Last updated on 2025-05-01 01:49:50 CEST.

Flavor Version Tinstall Tcheck Ttotal Status Flags
r-devel-linux-x86_64-debian-clang 1.1.5 4.94 80.12 85.06 NOTE
r-devel-linux-x86_64-debian-gcc 1.1.5 4.86 58.03 62.89 OK
r-devel-linux-x86_64-fedora-clang 1.1.5 129.58 OK
r-devel-linux-x86_64-fedora-gcc 1.1.5 141.62 OK
r-devel-windows-x86_64 1.1.5 7.00 251.00 258.00 OK
r-patched-linux-x86_64 1.1.5 7.02 78.87 85.89 OK
r-release-linux-x86_64 1.1.5 6.12 79.63 85.75 OK
r-release-macos-arm64 1.1.5 50.00 OK
r-release-macos-x86_64 1.1.5 101.00 OK
r-release-windows-x86_64 1.1.5 8.00 111.00 119.00 OK
r-oldrel-macos-arm64 1.1.5 45.00 OK
r-oldrel-macos-x86_64 1.1.5 83.00 OK
r-oldrel-windows-x86_64 1.1.5 9.00 130.00 139.00 OK

Check Details

Version: 1.1.5
Check: examples
Result: NOTE Examples with CPU (user + system) or elapsed time > 5s user system elapsed TRR.fit 4.429 0 5.177 Flavor: r-devel-linux-x86_64-debian-clang