CRAN Package Check Results for Package TSGSIS

Last updated on 2025-05-07 01:50:17 CEST.

Flavor Version Tinstall Tcheck Ttotal Status Flags
r-devel-linux-x86_64-debian-clang 0.1 6.82 70.33 77.15 NOTE
r-devel-linux-x86_64-debian-gcc 0.1 5.53 51.17 56.70 NOTE
r-devel-linux-x86_64-fedora-clang 0.1 120.48 OK
r-devel-linux-x86_64-fedora-gcc 0.1 114.83 OK
r-devel-windows-x86_64 0.1 7.00 92.00 99.00 OK
r-patched-linux-x86_64 0.1 6.96 65.87 72.83 OK
r-release-linux-x86_64 0.1 6.37 67.35 73.72 OK
r-release-macos-arm64 0.1 49.00 OK
r-release-macos-x86_64 0.1 75.00 OK
r-release-windows-x86_64 0.1 8.00 80.00 88.00 OK
r-oldrel-macos-arm64 0.1 35.00 NOTE
r-oldrel-macos-x86_64 0.1 60.00 NOTE
r-oldrel-windows-x86_64 0.1 9.00 100.00 109.00 NOTE

Check Details

Version: 0.1
Check: CRAN incoming feasibility
Result: NOTE Maintainer: ‘Yao-Hwei Fang <yhfang@nhri.org.tw>’ No Authors@R field in DESCRIPTION. Please add one, modifying Authors@R: c(person(given = "Yao-Hwei", family = "Fang", role = c("aut", "cre"), email = "yhfang@nhri.org.tw"), person(given = "Jie-Huei", family = "Wang", role = "aut"), person(given = c("Chao", "A."), family = "Hsiung", role = "aut")) as necessary. Flavors: r-devel-linux-x86_64-debian-clang, r-devel-linux-x86_64-debian-gcc

Version: 0.1
Check: LazyData
Result: NOTE 'LazyData' is specified without a 'data' directory Flavors: r-oldrel-macos-arm64, r-oldrel-macos-x86_64, r-oldrel-windows-x86_64