CRAN Package Check Results for Package TSPred

Last updated on 2025-05-01 01:49:50 CEST.

Flavor Version Tinstall Tcheck Ttotal Status Flags
r-devel-linux-x86_64-debian-clang 5.1 6.93 77.41 84.34 NOTE
r-devel-linux-x86_64-debian-gcc 5.1 4.69 53.30 57.99 NOTE
r-devel-linux-x86_64-fedora-clang 5.1 132.26 NOTE
r-devel-linux-x86_64-fedora-gcc 5.1 126.47 NOTE
r-devel-windows-x86_64 5.1 11.00 204.00 215.00 NOTE
r-patched-linux-x86_64 5.1 10.61 72.99 83.60 NOTE
r-release-linux-x86_64 5.1 7.70 71.49 79.19 NOTE
r-release-macos-arm64 5.1 39.00 OK
r-release-macos-x86_64 5.1 68.00 OK
r-release-windows-x86_64 5.1 12.00 111.00 123.00 NOTE
r-oldrel-macos-arm64 5.1 38.00 OK
r-oldrel-macos-x86_64 5.1 53.00 OK
r-oldrel-windows-x86_64 5.1 11.00 134.00 145.00 OK

Check Details

Version: 5.1
Check: Rd cross-references
Result: NOTE Found the following Rd file(s) with Rd \link{} targets missing package anchors: arimapar-deprecated.Rd: auto.arima arimapred.Rd: auto.arima fittestArima.Rd: auto.arima, forecast fittestArimaKF.Rd: predict.SSModel, SSMarima, KFAS, auto.arima, SSModel, AICc fittestEMD.Rd: AICc fittestLM.Rd: AICc fittestMAS.Rd: ets, stlf, AICc fittestPolyR.Rd: dredge, AICc fittestPolyRKF.Rd: SSModel, KFAS, fitSSM, AICc fittestWavelet.Rd: ets, AICc Please provide package anchors for all Rd \link{} targets not in the package itself and the base packages. Flavors: r-devel-linux-x86_64-debian-clang, r-devel-linux-x86_64-debian-gcc, r-devel-windows-x86_64, r-patched-linux-x86_64, r-release-linux-x86_64, r-release-windows-x86_64

Version: 5.1
Check: examples
Result: NOTE Examples with CPU (user + system) or elapsed time > 5s user system elapsed train.tspred 5.758 0.059 7.832 Flavor: r-devel-linux-x86_64-debian-clang

Version: 5.1
Check: dependencies in R code
Result: NOTE Namespaces in Imports field not imported from: ‘EMD’ ‘vars’ All declared Imports should be used. Flavors: r-devel-linux-x86_64-fedora-clang, r-devel-linux-x86_64-fedora-gcc