Last updated on 2025-05-01 01:49:50 CEST.
Flavor | Version | Tinstall | Tcheck | Ttotal | Status | Flags |
---|---|---|---|---|---|---|
r-devel-linux-x86_64-debian-clang | 0.1.0 | 2.34 | 55.06 | 57.40 | NOTE | |
r-devel-linux-x86_64-debian-gcc | 0.1.0 | 1.86 | 34.85 | 36.71 | OK | |
r-devel-linux-x86_64-fedora-clang | 0.1.0 | 97.82 | OK | |||
r-devel-linux-x86_64-fedora-gcc | 0.1.0 | 89.36 | OK | |||
r-devel-windows-x86_64 | 0.1.0 | 4.00 | 68.00 | 72.00 | OK | |
r-patched-linux-x86_64 | 0.1.0 | 2.45 | 54.17 | 56.62 | OK | |
r-release-linux-x86_64 | 0.1.0 | 2.26 | 54.61 | 56.87 | OK | |
r-release-macos-arm64 | 0.1.0 | 26.00 | OK | |||
r-release-macos-x86_64 | 0.1.0 | 49.00 | OK | |||
r-release-windows-x86_64 | 0.1.0 | 5.00 | 68.00 | 73.00 | OK | |
r-oldrel-macos-arm64 | 0.1.0 | 26.00 | OK | |||
r-oldrel-macos-x86_64 | 0.1.0 | 54.00 | OK | |||
r-oldrel-windows-x86_64 | 0.1.0 | 3.00 | 84.00 | 87.00 | OK |
Version: 0.1.0
Check: examples
Result: NOTE
Examples with CPU (user + system) or elapsed time > 5s
user system elapsed
banzhaf 14.723 0.103 17.513
owen 12.102 0.004 14.144
Flavor: r-devel-linux-x86_64-debian-clang
Version: 0.1.0
Check: examples
Result: NA
user system elapsed
banzhaf 7.356 0.024 9.159
owen 6.181 0.008 7.223
OK
Flavor: r-devel-linux-x86_64-debian-gcc