Last updated on 2025-10-21 01:48:48 CEST.
Flavor | Version | Tinstall | Tcheck | Ttotal | Status | Flags |
---|---|---|---|---|---|---|
r-devel-linux-x86_64-debian-clang | 0.8.1 | 7.48 | 76.48 | 83.96 | OK | |
r-devel-linux-x86_64-debian-gcc | 0.8.1 | 5.38 | 54.12 | 59.50 | NOTE | |
r-devel-linux-x86_64-fedora-clang | 0.8.1 | 116.84 | OK | |||
r-devel-linux-x86_64-fedora-gcc | 0.8.1 | 105.06 | OK | |||
r-devel-windows-x86_64 | 0.8.1 | 9.00 | 83.00 | 92.00 | OK | |
r-patched-linux-x86_64 | 0.8.1 | 8.27 | 63.85 | 72.12 | OK | |
r-release-linux-x86_64 | 0.8.1 | 6.84 | 65.61 | 72.45 | OK | |
r-release-macos-arm64 | 0.8.1 | 35.00 | OK | |||
r-release-macos-x86_64 | 0.8.1 | 66.00 | OK | |||
r-release-windows-x86_64 | 0.8.1 | 10.00 | 86.00 | 96.00 | OK | |
r-oldrel-macos-arm64 | 0.8.1 | 34.00 | OK | |||
r-oldrel-macos-x86_64 | 0.8.1 | 52.00 | OK | |||
r-oldrel-windows-x86_64 | 0.8.1 | 12.00 | 103.00 | 115.00 | OK |
Version: 0.8.1
Check: HTML version of manual
Result: NOTE
Found the following HTML validation problems:
check_biber.html:50:1 (check_biber.Rd:12): Warning: missing </ul> before </div>
check_literal_citations.html:50:1 (check_literal_citations.Rd:12): Warning: missing </ul> before </div>
check_xrefs.html:58:1 (check_xrefs.Rd:18): Warning: missing </ul> before </div>
extract_LaTeX_argument.html:58:1 (extract_LaTeX_argument.Rd:16): Warning: missing </ul> before </div>
extract_mandatory_LaTeX_argument.html:73:1 (extract_mandatory_LaTeX_argument.Rd:29): Warning: missing </ul> before </div>
extract_optional_LaTeX_argument.html:65:1 (extract_optional_LaTeX_argument.Rd:23): Warning: missing </ul> before </div>
locate_mandatory_LaTeX_argument.html:65:1 (locate_mandatory_LaTeX_argument.Rd:23): Warning: missing </ul> before </div>
minimal_bib.html:59:1 (minimal_bib.Rd:17): Warning: missing </ul> before </div>
read_tex_document.html:46:1 (read_tex_document.Rd:10): Warning: missing </ul> before </div>
report_error.html:128:1 (report_error.Rd:63): Warning: missing </ul> before </div>
split_report.html:68:1 (split_report.Rd:24): Warning: missing </ul> before </div>
veto_sic.html:62:1 (veto_sic.Rd:18): Warning: missing </ul> before </div>
Flavor: r-devel-linux-x86_64-debian-gcc