CRAN Package Check Results for Package ToxCrit

Last updated on 2025-07-03 01:49:09 CEST.

Flavor Version Tinstall Tcheck Ttotal Status Flags
r-devel-linux-x86_64-debian-clang 1.0 1.55 19.38 20.93 NOTE
r-devel-linux-x86_64-debian-gcc 1.0 1.29 16.54 17.83 NOTE
r-devel-linux-x86_64-fedora-clang 1.0 33.19 NOTE
r-devel-linux-x86_64-fedora-gcc 1.0 31.89 NOTE
r-devel-windows-x86_64 1.0 3.00 37.00 40.00 NOTE
r-patched-linux-x86_64 1.0 1.69 18.19 19.88 NOTE
r-release-linux-x86_64 1.0 1.46 18.38 19.84 NOTE
r-release-macos-arm64 1.0 17.00 NOTE
r-release-macos-x86_64 1.0 24.00 NOTE
r-release-windows-x86_64 1.0 2.00 37.00 39.00 NOTE
r-oldrel-macos-arm64 1.0 15.00 NOTE
r-oldrel-macos-x86_64 1.0 19.00 NOTE
r-oldrel-windows-x86_64 1.0 2.00 37.00 39.00 NOTE

Check Details

Version: 1.0
Check: package subdirectories
Result: NOTE Problems with news in ‘NEWS.md’: No news entries found. Flavors: r-devel-linux-x86_64-debian-clang, r-devel-linux-x86_64-debian-gcc, r-devel-linux-x86_64-fedora-clang, r-devel-linux-x86_64-fedora-gcc, r-devel-windows-x86_64, r-patched-linux-x86_64, r-release-linux-x86_64, r-release-macos-arm64, r-release-macos-x86_64, r-release-windows-x86_64, r-oldrel-macos-arm64, r-oldrel-macos-x86_64, r-oldrel-windows-x86_64