Last updated on 2025-02-20 01:50:50 CET.
Flavor | Version | Tinstall | Tcheck | Ttotal | Status | Flags |
---|---|---|---|---|---|---|
r-devel-linux-x86_64-debian-clang | 0.6.8 | 13.45 | 99.24 | 112.69 | OK | |
r-devel-linux-x86_64-debian-gcc | 0.6.8 | 7.85 | 72.01 | 79.86 | OK | |
r-devel-linux-x86_64-fedora-clang | 0.6.8 | 179.94 | OK | |||
r-devel-linux-x86_64-fedora-gcc | 0.6.8 | 164.96 | OK | |||
r-devel-macos-arm64 | 0.6.8 | 46.00 | OK | |||
r-devel-macos-x86_64 | 0.6.8 | 90.00 | OK | |||
r-devel-windows-x86_64 | 0.6.8 | 15.00 | 118.00 | 133.00 | OK | |
r-patched-linux-x86_64 | 0.6.8 | 13.25 | 93.29 | 106.54 | OK | |
r-release-linux-x86_64 | 0.6.8 | 11.02 | 93.77 | 104.79 | OK | |
r-release-macos-arm64 | 0.6.8 | 51.00 | OK | |||
r-release-macos-x86_64 | 0.6.8 | 124.00 | OK | |||
r-release-windows-x86_64 | 0.6.8 | 15.00 | 3.00 | 18.00 | FAIL | |
r-oldrel-macos-arm64 | 0.6.8 | 58.00 | OK | |||
r-oldrel-macos-x86_64 | 0.6.8 | 157.00 | OK | |||
r-oldrel-windows-x86_64 | 0.6.8 | 20.00 | 152.00 | 172.00 | OK |
Version: 0.6.8
Check: package dependencies
Result: FAIL
Flavor: r-release-windows-x86_64