Last updated on 2025-05-06 02:50:35 CEST.
Flavor | Version | Tinstall | Tcheck | Ttotal | Status | Flags |
---|---|---|---|---|---|---|
r-devel-linux-x86_64-debian-clang | 0.1.0 | 8.34 | 65.15 | 73.49 | NOTE | |
r-devel-linux-x86_64-debian-gcc | 0.1.0 | 5.52 | 49.48 | 55.00 | NOTE | |
r-devel-linux-x86_64-fedora-clang | 0.1.0 | 113.68 | NOTE | |||
r-devel-linux-x86_64-fedora-gcc | 0.1.0 | 110.41 | NOTE | |||
r-devel-windows-x86_64 | 0.1.0 | 10.00 | 74.00 | 84.00 | OK | |
r-patched-linux-x86_64 | 0.1.0 | 7.95 | 62.57 | 70.52 | OK | |
r-release-linux-x86_64 | 0.1.0 | 7.78 | 62.39 | 70.17 | OK | |
r-release-macos-arm64 | 0.1.0 | 36.00 | OK | |||
r-release-macos-x86_64 | 0.1.0 | 61.00 | OK | |||
r-release-windows-x86_64 | 0.1.0 | 9.00 | 78.00 | 87.00 | OK | |
r-oldrel-macos-arm64 | 0.1.0 | 38.00 | OK | |||
r-oldrel-macos-x86_64 | 0.1.0 | 53.00 | OK | |||
r-oldrel-windows-x86_64 | 0.1.0 | 12.00 | 101.00 | 113.00 | OK |
Version: 0.1.0
Check: CRAN incoming feasibility
Result: NOTE
Maintainer: ‘Chanwoo Lee <chanwoo.lee@wisc.edu>’
No Authors@R field in DESCRIPTION.
Please add one, modifying
Authors@R: c(person(given = "Chanwoo",
family = "Lee",
role = c("aut", "cre"),
email = "chanwoo.lee@wisc.edu"),
person(given = "Lexin",
family = "Li",
role = "aut",
email = "lexinli@berkeley.edu"),
person(given = c("Hao", "Helen"),
family = "Zhang",
role = "aut",
email = "hzhang@math.arizona.edu"),
person(given = "Miaoyan",
family = "Wang",
role = "aut",
email = "miaoyan.wang@wisc.edu"))
as necessary.
The Description field contains
Series Representation. <arXiv:2105.01783>. The method employs the
Please refer to arXiv e-prints via their arXiv DOI <doi:10.48550/arXiv.YYMM.NNNNN>.
Flavors: r-devel-linux-x86_64-debian-clang, r-devel-linux-x86_64-debian-gcc
Version: 0.1.0
Check: dependencies in R code
Result: NOTE
Namespace in Imports field not imported from: ‘Matrix’
All declared Imports should be used.
Flavors: r-devel-linux-x86_64-fedora-clang, r-devel-linux-x86_64-fedora-gcc