Last updated on 2025-10-31 01:49:17 CET.
| Flavor | Version | Tinstall | Tcheck | Ttotal | Status | Flags | 
|---|---|---|---|---|---|---|
| r-devel-linux-x86_64-debian-clang | 0.1.2 | 15.66 | 130.36 | 146.02 | NOTE | |
| r-devel-linux-x86_64-debian-gcc | 0.1.2 | 11.46 | 94.51 | 105.97 | NOTE | |
| r-devel-linux-x86_64-fedora-clang | 0.1.2 | 39.00 | 189.16 | 228.16 | OK | |
| r-devel-linux-x86_64-fedora-gcc | 0.1.2 | 29.00 | 195.90 | 224.90 | OK | |
| r-devel-windows-x86_64 | 0.1.2 | 16.00 | 126.00 | 142.00 | OK | |
| r-patched-linux-x86_64 | 0.1.2 | 14.28 | 121.04 | 135.32 | OK | |
| r-release-linux-x86_64 | 0.1.2 | 11.43 | 123.60 | 135.03 | OK | |
| r-release-macos-arm64 | 0.1.2 | 6.00 | 56.00 | 62.00 | OK | |
| r-release-macos-x86_64 | 0.1.2 | 11.00 | 108.00 | 119.00 | OK | |
| r-release-windows-x86_64 | 0.1.2 | 15.00 | 205.00 | 220.00 | OK | |
| r-oldrel-macos-arm64 | 0.1.2 | 6.00 | 62.00 | 68.00 | OK | |
| r-oldrel-macos-x86_64 | 0.1.2 | 9.00 | 79.00 | 88.00 | OK | |
| r-oldrel-windows-x86_64 | 0.1.2 | 22.00 | 169.00 | 191.00 | OK | 
Version: 0.1.2
Check: CRAN incoming feasibility
Result: NOTE
  Maintainer: ‘Kleanthis Koupidis <koupidis.okfgr@gmail.com>’
  
  No Authors@R field in DESCRIPTION.
  Please add one, modifying
    Authors@R: c(person(given = "Kleanthis",
                        family = "Koupidis",
                        role = c("aut", "cre"),
                        email = "koupidis.okfgr@gmail.com"),
                 person(given = "Aikaterini",
                        family = "Chatzopoulou",
                        role = "aut"),
                 person(given = "Charalampos",
                        family = "Bratsas",
                        role = "aut"),
                 person(given = "Panagiotis",
                        family = "Tzenos",
                        role = "dtc"),
                 person(given = c("Josep", "Maria"),
                        family = "Salanova",
                        role = "dtc"))
  as necessary.
Flavors: r-devel-linux-x86_64-debian-clang, r-devel-linux-x86_64-debian-gcc