CRAN Package Check Results for Package TransTGGM

Last updated on 2025-05-06 02:50:35 CEST.

Flavor Version Tinstall Tcheck Ttotal Status Flags
r-devel-linux-x86_64-debian-clang 1.0.0 10.62 69.62 80.24 NOTE
r-devel-linux-x86_64-debian-gcc 1.0.0 8.86 53.38 62.24 NOTE
r-devel-linux-x86_64-fedora-clang 1.0.0 127.25 NOTE
r-devel-linux-x86_64-fedora-gcc 1.0.0 135.49 NOTE
r-devel-windows-x86_64 1.0.0 13.00 80.00 93.00 OK
r-patched-linux-x86_64 1.0.0 10.02 67.16 77.18 OK
r-release-linux-x86_64 1.0.0 10.70 66.92 77.62 OK
r-release-macos-arm64 1.0.0 50.00 OK
r-release-macos-x86_64 1.0.0 104.00 OK
r-release-windows-x86_64 1.0.0 14.00 82.00 96.00 OK
r-oldrel-macos-arm64 1.0.0 46.00 NOTE
r-oldrel-macos-x86_64 1.0.0 70.00 NOTE
r-oldrel-windows-x86_64 1.0.0 15.00 103.00 118.00 OK

Check Details

Version: 1.0.0
Check: CRAN incoming feasibility
Result: NOTE Maintainer: ‘Mingyang Ren <renmingyang17@mails.ucas.ac.cn>’ The Description field contains <arXiv:2211.09391>. Please refer to arXiv e-prints via their arXiv DOI <doi:10.48550/arXiv.YYMM.NNNNN>. Flavors: r-devel-linux-x86_64-debian-clang, r-devel-linux-x86_64-debian-gcc

Version: 1.0.0
Check: dependencies in R code
Result: NOTE Namespaces in Imports field not imported from: ‘MASS’ ‘Matrix’ All declared Imports should be used. Flavors: r-devel-linux-x86_64-fedora-clang, r-devel-linux-x86_64-fedora-gcc

Version: 1.0.0
Check: installed package size
Result: NOTE installed size is 5.1Mb sub-directories of 1Mb or more: data 5.0Mb Flavors: r-oldrel-macos-arm64, r-oldrel-macos-x86_64