Last updated on 2025-02-05 02:49:04 CET.
Flavor | Version | Tinstall | Tcheck | Ttotal | Status | Flags |
---|---|---|---|---|---|---|
r-devel-linux-x86_64-debian-clang | 3.0.5 | 2.72 | 49.69 | 52.41 | OK | |
r-devel-linux-x86_64-debian-gcc | 3.0.5 | 2.04 | 37.10 | 39.14 | OK | |
r-devel-linux-x86_64-fedora-clang | 3.0.5 | 90.44 | NOTE | |||
r-devel-linux-x86_64-fedora-gcc | 3.0.5 | 97.20 | NOTE | |||
r-devel-windows-x86_64 | 3.0.5 | 5.00 | 84.00 | 89.00 | OK | |
r-patched-linux-x86_64 | 3.0.5 | 3.10 | 48.40 | 51.50 | OK | |
r-release-linux-x86_64 | 3.0.5 | 2.66 | 47.67 | 50.33 | OK | |
r-release-macos-arm64 | 3.0.5 | 203.00 | OK | |||
r-release-macos-x86_64 | 3.0.5 | 218.00 | OK | |||
r-release-windows-x86_64 | 3.0.5 | 5.00 | 84.00 | 89.00 | OK | |
r-oldrel-macos-arm64 | 3.0.5 | 207.00 | OK | |||
r-oldrel-macos-x86_64 | 3.0.5 | 222.00 | OK | |||
r-oldrel-windows-x86_64 | 3.0.5 | 5.00 | 93.00 | 98.00 | OK |
Version: 3.0.5
Check: dependencies in R code
Result: NOTE
Namespace in Imports field not imported from: ‘tibble’
All declared Imports should be used.
Flavors: r-devel-linux-x86_64-fedora-clang, r-devel-linux-x86_64-fedora-gcc