Last updated on 2025-05-07 01:50:17 CEST.
Flavor | Version | Tinstall | Tcheck | Ttotal | Status | Flags |
---|---|---|---|---|---|---|
r-devel-linux-x86_64-debian-clang | 1.5.4 | 9.01 | 76.16 | 85.17 | NOTE | |
r-devel-linux-x86_64-debian-gcc | 1.5.4 | 6.54 | 52.80 | 59.34 | NOTE | |
r-devel-linux-x86_64-fedora-clang | 1.5.4 | 128.66 | OK | |||
r-devel-linux-x86_64-fedora-gcc | 1.5.4 | 143.65 | OK | |||
r-devel-windows-x86_64 | 1.5.4 | 12.00 | 84.00 | 96.00 | OK | |
r-patched-linux-x86_64 | 1.5.4 | 9.85 | 71.90 | 81.75 | OK | |
r-release-linux-x86_64 | 1.5.4 | 8.85 | 71.65 | 80.50 | OK | |
r-release-macos-arm64 | 1.5.4 | 41.00 | OK | |||
r-release-macos-x86_64 | 1.5.4 | 76.00 | OK | |||
r-release-windows-x86_64 | 1.5.4 | 11.00 | 85.00 | 96.00 | OK | |
r-oldrel-macos-arm64 | 1.5.4 | 39.00 | OK | |||
r-oldrel-macos-x86_64 | 1.5.4 | 62.00 | OK | |||
r-oldrel-windows-x86_64 | 1.5.4 | 14.00 | 129.00 | 143.00 | OK |
Version: 1.5.4
Check: CRAN incoming feasibility
Result: NOTE
Maintainer: ‘Felix Schönbrodt <felix.schoenbrodt@psy.lmu.de>’
No Authors@R field in DESCRIPTION.
Please add one, modifying
Authors@R: c(person(given = c("F.", "D."),
family = "Schönbrodt",
role = "aut"),
person(given = c("M.", "D."),
family = "Back",
role = "aut"),
person(given = c("S.", "C."),
family = "Schmukle",
role = "aut"),
person(given = "Felix",
family = "Schönbrodt",
role = "cre",
email = "felix.schoenbrodt@psy.lmu.de"))
as necessary.
Package CITATION file contains call(s) to old-style citEntry(). Please
use bibentry() instead.
Flavors: r-devel-linux-x86_64-debian-clang, r-devel-linux-x86_64-debian-gcc