Last updated on 2025-05-07 01:50:17 CEST.
Flavor | Version | Tinstall | Tcheck | Ttotal | Status | Flags |
---|---|---|---|---|---|---|
r-devel-linux-x86_64-debian-clang | 0.1.4 | 9.32 | 61.37 | 70.69 | NOTE | |
r-devel-linux-x86_64-debian-gcc | 0.1.4 | 6.30 | 44.29 | 50.59 | NOTE | |
r-devel-linux-x86_64-fedora-clang | 0.1.4 | 93.60 | OK | |||
r-devel-linux-x86_64-fedora-gcc | 0.1.4 | 102.27 | OK | |||
r-devel-windows-x86_64 | 0.1.4 | 10.00 | 71.00 | 81.00 | OK | |
r-patched-linux-x86_64 | 0.1.4 | 7.18 | 56.51 | 63.69 | OK | |
r-release-linux-x86_64 | 0.1.4 | 8.01 | 57.03 | 65.04 | OK | |
r-release-macos-arm64 | 0.1.4 | 32.00 | OK | |||
r-release-macos-x86_64 | 0.1.4 | 52.00 | OK | |||
r-release-windows-x86_64 | 0.1.4 | 10.00 | 72.00 | 82.00 | OK | |
r-oldrel-macos-arm64 | 0.1.4 | 33.00 | OK | |||
r-oldrel-macos-x86_64 | 0.1.4 | 50.00 | OK | |||
r-oldrel-windows-x86_64 | 0.1.4 | 13.00 | 89.00 | 102.00 | OK |
Version: 0.1.4
Check: CRAN incoming feasibility
Result: NOTE
Maintainer: ‘Feifei ZHANG<tushare_pro@163.com>’
No Authors@R field in DESCRIPTION.
Please add one, modifying
Authors@R: person(given = "Feifei",
family = "ZHANG",
role = c("aut", "cre"),
email = "tushare_pro@163.com")
as necessary.
Flavors: r-devel-linux-x86_64-debian-clang, r-devel-linux-x86_64-debian-gcc