Last updated on 2024-05-21 02:02:25 CEST.
Flavor | Version | Tinstall | Tcheck | Ttotal | Status | Flags |
---|---|---|---|---|---|---|
r-devel-linux-x86_64-debian-clang | 1.4.8 | 7.95 | 71.90 | 79.85 | OK | |
r-devel-linux-x86_64-debian-gcc | 1.4.8 | 6.79 | 54.02 | 60.81 | OK | |
r-devel-linux-x86_64-fedora-clang | 1.4.8 | 104.19 | NOTE | |||
r-devel-linux-x86_64-fedora-gcc | 1.4.8 | 108.20 | NOTE | |||
r-devel-windows-x86_64 | 1.4.8 | 9.00 | 83.00 | 92.00 | OK | |
r-patched-linux-x86_64 | 1.4.8 | 7.08 | 67.90 | 74.98 | OK | |
r-release-linux-x86_64 | 1.4.8 | 4.91 | 70.31 | 75.22 | OK | |
r-release-macos-arm64 | 1.4.8 | 52.00 | OK | |||
r-release-windows-x86_64 | 1.4.8 | 8.00 | 90.00 | 98.00 | OK | |
r-oldrel-macos-arm64 | 1.4.8 | 68.00 | OK | |||
r-oldrel-macos-x86_64 | 1.4.8 | 90.00 | OK | |||
r-oldrel-windows-x86_64 | 1.4.8 | 11.00 | 100.00 | 111.00 | OK |
Version: 1.4.8
Check: data for non-ASCII characters
Result: NOTE
Note: found 2 marked UTF-8 strings
Flavors: r-devel-linux-x86_64-fedora-clang, r-devel-linux-x86_64-fedora-gcc