Last updated on 2025-02-20 01:50:50 CET.
Flavor | Version | Tinstall | Tcheck | Ttotal | Status | Flags |
---|---|---|---|---|---|---|
r-devel-linux-x86_64-debian-clang | 0.3.0 | 3.55 | 49.92 | 53.47 | OK | |
r-devel-linux-x86_64-debian-gcc | 0.3.0 | 2.39 | 32.97 | 35.36 | OK | |
r-devel-linux-x86_64-fedora-clang | 0.3.0 | 91.29 | OK | |||
r-devel-linux-x86_64-fedora-gcc | 0.3.0 | 80.73 | OK | |||
r-devel-macos-arm64 | 0.3.0 | 25.00 | OK | |||
r-devel-macos-x86_64 | 0.3.0 | 46.00 | OK | |||
r-devel-windows-x86_64 | 0.3.0 | 4.00 | 71.00 | 75.00 | OK | |
r-patched-linux-x86_64 | 0.3.0 | 2.55 | 47.51 | 50.06 | OK | |
r-release-linux-x86_64 | 0.3.0 | 3.03 | 47.66 | 50.69 | OK | |
r-release-macos-arm64 | 0.3.0 | 24.00 | OK | |||
r-release-macos-x86_64 | 0.3.0 | 38.00 | OK | |||
r-release-windows-x86_64 | 0.3.0 | 4.00 | 3.00 | 7.00 | FAIL | |
r-oldrel-macos-arm64 | 0.3.0 | 31.00 | OK | |||
r-oldrel-macos-x86_64 | 0.3.0 | 65.00 | OK | |||
r-oldrel-windows-x86_64 | 0.3.0 | 5.00 | 90.00 | 95.00 | OK |
Version: 0.3.0
Check: package dependencies
Result: FAIL
Flavor: r-release-windows-x86_64