CRAN Package Check Results for Package VARshrink

Last updated on 2025-04-30 02:50:55 CEST.

Flavor Version Tinstall Tcheck Ttotal Status Flags
r-devel-linux-x86_64-debian-clang 0.3.1 5.45 247.66 253.11 NOTE
r-devel-linux-x86_64-debian-gcc 0.3.1 3.80 137.86 141.66 NOTE
r-devel-linux-x86_64-fedora-clang 0.3.1 405.75 NOTE
r-devel-linux-x86_64-fedora-gcc 0.3.1 413.91 NOTE
r-devel-windows-x86_64 0.3.1 6.00 215.00 221.00 NOTE
r-patched-linux-x86_64 0.3.1 6.19 239.90 246.09 NOTE
r-release-linux-x86_64 0.3.1 5.52 235.78 241.30 NOTE
r-release-macos-arm64 0.3.1 88.00 NOTE
r-release-macos-x86_64 0.3.1 228.00 NOTE
r-release-windows-x86_64 0.3.1 6.00 215.00 221.00 NOTE
r-oldrel-macos-arm64 0.3.1 84.00 NOTE
r-oldrel-macos-x86_64 0.3.1 166.00 NOTE
r-oldrel-windows-x86_64 0.3.1 8.00 315.00 323.00 NOTE

Check Details

Version: 0.3.1
Check: Rd files
Result: NOTE checkRd: (-1) Acoef_sh.Rd:23: Lost braces; missing escapes or markup? 23 | The function returns the K-by-K matrices {A_1, ..., A_p} as a list object. | ^ checkRd: (-1) VARshrink.Rd:58: Lost braces; missing escapes or markup? 58 | Consider VAR(p) model: y_t = A_1 y_{t-1} + ... + A_p y_{t-p} + C d_t + e_t, | ^ checkRd: (-1) VARshrink.Rd:58: Lost braces; missing escapes or markup? 58 | Consider VAR(p) model: y_t = A_1 y_{t-1} + ... + A_p y_{t-p} + C d_t + e_t, | ^ Flavors: r-devel-linux-x86_64-debian-clang, r-devel-linux-x86_64-debian-gcc, r-devel-linux-x86_64-fedora-clang, r-devel-linux-x86_64-fedora-gcc, r-devel-windows-x86_64, r-patched-linux-x86_64, r-release-linux-x86_64, r-release-macos-arm64, r-release-macos-x86_64, r-release-windows-x86_64, r-oldrel-macos-arm64, r-oldrel-macos-x86_64, r-oldrel-windows-x86_64

Version: 0.3.1
Check: examples
Result: NOTE Examples with CPU (user + system) or elapsed time > 5s user system elapsed calcSSE_Acoef 5.817 0.011 6.345 Flavor: r-devel-linux-x86_64-debian-clang

Version: 0.3.1
Check: LazyData
Result: NOTE 'LazyData' is specified without a 'data' directory Flavors: r-oldrel-macos-arm64, r-oldrel-macos-x86_64, r-oldrel-windows-x86_64