Last updated on 2025-05-08 01:51:25 CEST.
Flavor | Version | Tinstall | Tcheck | Ttotal | Status | Flags |
---|---|---|---|---|---|---|
r-devel-linux-x86_64-debian-clang | 1.1.0 | 37.86 | 25.78 | 63.64 | OK | |
r-devel-linux-x86_64-debian-gcc | 1.1.0 | 30.64 | 23.52 | 54.16 | OK | |
r-devel-linux-x86_64-fedora-clang | 1.1.0 | 111.25 | OK | |||
r-devel-linux-x86_64-fedora-gcc | 1.1.0 | 133.80 | OK | |||
r-devel-windows-x86_64 | 1.1.0 | 44.00 | 70.00 | 114.00 | OK | |
r-patched-linux-x86_64 | 1.1.0 | 40.25 | 28.49 | 68.74 | OK | |
r-release-linux-x86_64 | 1.1.0 | 38.81 | 28.10 | 66.91 | OK | |
r-release-macos-arm64 | 1.1.0 | 36.00 | OK | |||
r-release-macos-x86_64 | 1.1.0 | 60.00 | OK | |||
r-release-windows-x86_64 | 1.1.0 | 43.00 | 75.00 | 118.00 | OK | |
r-oldrel-macos-arm64 | 1.1.0 | 37.00 | NOTE | |||
r-oldrel-macos-x86_64 | 1.1.0 | 62.00 | NOTE | |||
r-oldrel-windows-x86_64 | 1.1.0 | 49.00 | 76.00 | 125.00 | OK |
Version: 1.1.0
Check: installed package size
Result: NOTE
installed size is 15.1Mb
sub-directories of 1Mb or more:
libs 15.0Mb
Flavors: r-oldrel-macos-arm64, r-oldrel-macos-x86_64