CRAN Package Check Results for Package VIC5

Last updated on 2025-05-01 01:49:51 CEST.

Flavor Version Tinstall Tcheck Ttotal Status Flags
r-devel-linux-x86_64-debian-clang 0.2.6 88.13 43.44 131.57 NOTE
r-devel-linux-x86_64-debian-gcc 0.2.6 66.87 32.91 99.78 NOTE
r-devel-linux-x86_64-fedora-clang 0.2.6 251.87 NOTE
r-devel-linux-x86_64-fedora-gcc 0.2.6 243.08 NOTE
r-devel-windows-x86_64 0.2.6 140.00 90.00 230.00 NOTE
r-patched-linux-x86_64 0.2.6 90.93 41.14 132.07 NOTE
r-release-linux-x86_64 0.2.6 90.03 40.93 130.96 NOTE
r-release-macos-arm64 0.2.6 59.00 NOTE
r-release-macos-x86_64 0.2.6 70.00 NOTE
r-release-windows-x86_64 0.2.6 141.00 94.00 235.00 NOTE
r-oldrel-macos-arm64 0.2.6 58.00 NOTE
r-oldrel-macos-x86_64 0.2.6 62.00 NOTE
r-oldrel-windows-x86_64 0.2.6 150.00 104.00 254.00 NOTE

Check Details

Version: 0.2.6
Check: Rd files
Result: NOTE checkRd: (-1) vic_param.Rd:311: Lost braces 311 | albedo must be supplied in code{forcing_veg}. Default = 1.} | ^ checkRd: (-1) vic_param.Rd:323: Lost braces 323 | supplied in code{forcing_veg}. Default = 1.} | ^ checkRd: (-1) vic_param.Rd:341: Lost braces 341 | be supplied in code{forcing_veg} Default = 0.} | ^ Flavors: r-devel-linux-x86_64-debian-clang, r-devel-linux-x86_64-debian-gcc, r-devel-linux-x86_64-fedora-clang, r-devel-linux-x86_64-fedora-gcc, r-devel-windows-x86_64, r-patched-linux-x86_64, r-release-linux-x86_64, r-release-macos-arm64, r-release-macos-x86_64, r-release-windows-x86_64, r-oldrel-macos-arm64, r-oldrel-macos-x86_64, r-oldrel-windows-x86_64

Version: 0.2.6
Check: examples
Result: NOTE Examples with CPU (user + system) or elapsed time > 5s user system elapsed vic 4.763 0.028 7.253 Flavor: r-devel-linux-x86_64-debian-clang