Last updated on 2025-04-30 02:50:55 CEST.
Flavor | Version | Tinstall | Tcheck | Ttotal | Status | Flags |
---|---|---|---|---|---|---|
r-devel-linux-x86_64-debian-clang | 1.0 | 5.91 | 54.00 | 59.91 | NOTE | |
r-devel-linux-x86_64-debian-gcc | 1.0 | 4.06 | 39.49 | 43.55 | NOTE | |
r-devel-linux-x86_64-fedora-clang | 1.0 | 86.38 | OK | |||
r-devel-linux-x86_64-fedora-gcc | 1.0 | 96.43 | OK | |||
r-devel-windows-x86_64 | 1.0 | 7.00 | 74.00 | 81.00 | OK | |
r-patched-linux-x86_64 | 1.0 | 5.07 | 50.88 | 55.95 | OK | |
r-release-linux-x86_64 | 1.0 | 5.08 | 51.11 | 56.19 | OK | |
r-release-macos-arm64 | 1.0 | 36.00 | OK | |||
r-release-macos-x86_64 | 1.0 | 67.00 | OK | |||
r-release-windows-x86_64 | 1.0 | 7.00 | 69.00 | 76.00 | OK | |
r-oldrel-macos-arm64 | 1.0 | 34.00 | OK | |||
r-oldrel-macos-x86_64 | 1.0 | 48.00 | OK | |||
r-oldrel-windows-x86_64 | 1.0 | 9.00 | 82.00 | 91.00 | OK |
Version: 1.0
Check: examples
Result: NOTE
Examples with CPU (user + system) or elapsed time > 5s
user system elapsed
calc_vimps 5.147 0.61 9.247
Flavor: r-devel-linux-x86_64-debian-clang
Version: 1.0
Check: examples
Result: NOTE
Examples with CPU (user + system) or elapsed time > 5s
user system elapsed
calc_vimps 3.577 0.424 7.175
Flavor: r-devel-linux-x86_64-debian-gcc