Last updated on 2025-05-06 02:50:36 CEST.
Flavor | Version | Tinstall | Tcheck | Ttotal | Status | Flags |
---|---|---|---|---|---|---|
r-devel-linux-x86_64-debian-clang | 2.1.3.1 | 206.64 | 139.73 | 346.37 | NOTE | |
r-devel-linux-x86_64-debian-gcc | 2.1.3.1 | 142.98 | 88.25 | 231.23 | NOTE | |
r-devel-linux-x86_64-fedora-clang | 2.1.3.1 | 657.22 | OK | |||
r-devel-linux-x86_64-fedora-gcc | 2.1.3.1 | 644.98 | OK | |||
r-devel-windows-x86_64 | 2.1.3.1 | 237.00 | 177.00 | 414.00 | OK | |
r-patched-linux-x86_64 | 2.1.3.1 | 198.30 | 119.40 | 317.70 | OK | |
r-release-linux-x86_64 | 2.1.3.1 | 198.25 | 120.94 | 319.19 | OK | |
r-release-macos-arm64 | 2.1.3.1 | 161.00 | OK | |||
r-release-macos-x86_64 | 2.1.3.1 | 198.00 | OK | |||
r-release-windows-x86_64 | 2.1.3.1 | 241.00 | 184.00 | 425.00 | OK | |
r-oldrel-macos-arm64 | 2.1.3.1 | 140.00 | NOTE | |||
r-oldrel-macos-x86_64 | 2.1.3.1 | 168.00 | NOTE | |||
r-oldrel-windows-x86_64 | 2.1.3.1 | 275.00 | 216.00 | 491.00 | OK |
Version: 2.1.3.1
Check: CRAN incoming feasibility
Result: NOTE
Maintainer: ‘Mohammed Sedki <mohammed.sedki@u-psud.fr>’
No Authors@R field in DESCRIPTION.
Please add one, modifying
Authors@R: c(person(given = "Matthieu",
family = "Marbac",
role = "aut"),
person(given = "Mohammed",
family = "Sedki",
role = c("aut", "cre"),
email = "mohammed.sedki@u-psud.fr"))
as necessary.
Package CITATION file contains call(s) to old-style personList() or
as.personList(). Please use c() on person objects instead.
Flavors: r-devel-linux-x86_64-debian-clang, r-devel-linux-x86_64-debian-gcc
Version: 2.1.3.1
Check: installed package size
Result: NOTE
installed size is 8.4Mb
sub-directories of 1Mb or more:
libs 7.6Mb
Flavors: r-oldrel-macos-arm64, r-oldrel-macos-x86_64