Last updated on 2025-05-09 01:50:22 CEST.
Flavor | Version | Tinstall | Tcheck | Ttotal | Status | Flags |
---|---|---|---|---|---|---|
r-devel-linux-x86_64-debian-clang | 1.7.3 | 7.58 | 53.27 | 60.85 | NOTE | |
r-devel-linux-x86_64-debian-gcc | 1.7.3 | 3.77 | 37.48 | 41.25 | NOTE | |
r-devel-linux-x86_64-fedora-clang | 1.7.3 | 92.90 | OK | |||
r-devel-linux-x86_64-fedora-gcc | 1.7.3 | 88.92 | OK | |||
r-devel-windows-x86_64 | 1.7.3 | 8.00 | 72.00 | 80.00 | OK | |
r-patched-linux-x86_64 | 1.7.3 | 7.58 | 51.36 | 58.94 | OK | |
r-release-linux-x86_64 | 1.7.3 | 6.07 | 49.74 | 55.81 | OK | |
r-release-macos-arm64 | 1.7.3 | 31.00 | OK | |||
r-release-macos-x86_64 | 1.7.3 | 62.00 | OK | |||
r-release-windows-x86_64 | 1.7.3 | 8.00 | 72.00 | 80.00 | OK | |
r-oldrel-macos-arm64 | 1.7.3 | 31.00 | OK | |||
r-oldrel-macos-x86_64 | 1.7.3 | 55.00 | OK | |||
r-oldrel-windows-x86_64 | 1.7.3 | 10.00 | 85.00 | 95.00 | OK |
Version: 1.7.3
Check: CRAN incoming feasibility
Result: NOTE
Maintainer: ‘Paul Boutros <pboutros@mednet.ucla.edu>’
No Authors@R field in DESCRIPTION.
Please add one, modifying
Authors@R: c(person(given = "Hanbo",
family = "Chen",
role = "aut"),
person(given = "Paul",
family = "Boutros",
role = "cre",
email = "pboutros@mednet.ucla.edu"))
as necessary.
Flavors: r-devel-linux-x86_64-debian-clang, r-devel-linux-x86_64-debian-gcc