Last updated on 2025-04-30 01:50:41 CEST.
Flavor | Version | Tinstall | Tcheck | Ttotal | Status | Flags |
---|---|---|---|---|---|---|
r-devel-linux-x86_64-debian-clang | 1.6.0 | 27.93 | 165.57 | 193.50 | NOTE | |
r-devel-linux-x86_64-debian-gcc | 1.6.0 | 21.00 | 114.22 | 135.22 | NOTE | |
r-devel-linux-x86_64-fedora-clang | 1.6.0 | 314.34 | OK | |||
r-devel-linux-x86_64-fedora-gcc | 1.6.0 | 305.29 | OK | |||
r-devel-windows-x86_64 | 1.6.0 | 21.00 | 144.00 | 165.00 | OK | |
r-patched-linux-x86_64 | 1.6.0 | 25.90 | 162.57 | 188.47 | OK | |
r-release-linux-x86_64 | 1.6.0 | 28.71 | 157.75 | 186.46 | OK | |
r-release-macos-arm64 | 1.6.0 | 65.00 | OK | |||
r-release-macos-x86_64 | 1.6.0 | 152.00 | OK | |||
r-release-windows-x86_64 | 1.6.0 | 21.00 | 138.00 | 159.00 | OK | |
r-oldrel-macos-arm64 | 1.6.0 | 77.00 | OK | |||
r-oldrel-macos-x86_64 | 1.6.0 | 132.00 | OK | |||
r-oldrel-windows-x86_64 | 1.6.0 | 27.00 | 188.00 | 215.00 | OK |
Version: 1.6.0
Check: examples
Result: NOTE
Examples with CPU (user + system) or elapsed time > 5s
user system elapsed
VisCov 8.476 0.152 12.756
Flavor: r-devel-linux-x86_64-debian-clang
Version: 1.6.0
Check: examples
Result: NOTE
Examples with CPU (user + system) or elapsed time > 5s
user system elapsed
VisCov 4.976 0.165 6.007
Flavor: r-devel-linux-x86_64-debian-gcc