Last updated on 2024-05-21 02:02:26 CEST.
Flavor | Version | Tinstall | Tcheck | Ttotal | Status | Flags |
---|---|---|---|---|---|---|
r-devel-linux-x86_64-debian-clang | 2.7.8 | 2.96 | 26.02 | 28.98 | OK | |
r-devel-linux-x86_64-debian-gcc | 2.7.8 | 2.39 | 20.23 | 22.62 | OK | |
r-devel-linux-x86_64-fedora-clang | 2.7.8 | 36.15 | NOTE | |||
r-devel-linux-x86_64-fedora-gcc | 2.7.8 | 33.67 | NOTE | |||
r-devel-windows-x86_64 | 2.7.8 | 4.00 | 42.00 | 46.00 | OK | |
r-patched-linux-x86_64 | 2.7.8 | 2.60 | 24.31 | 26.91 | OK | |
r-release-linux-x86_64 | 2.7.8 | 2.45 | 24.42 | 26.87 | OK | |
r-release-macos-arm64 | 2.7.8 | 16.00 | OK | |||
r-release-windows-x86_64 | 2.7.8 | 4.00 | 44.00 | 48.00 | OK | |
r-oldrel-macos-arm64 | 2.7.8 | 15.00 | OK | |||
r-oldrel-macos-x86_64 | 2.7.8 | 21.00 | OK | |||
r-oldrel-windows-x86_64 | 2.7.8 | 5.00 | 46.00 | 51.00 | OK |
Version: 2.7.8
Check: data for non-ASCII characters
Result: NOTE
Note: found 1668 marked UTF-8 strings
Flavors: r-devel-linux-x86_64-fedora-clang, r-devel-linux-x86_64-fedora-gcc