Last updated on 2025-10-21 01:48:51 CEST.
Flavor | Version | Tinstall | Tcheck | Ttotal | Status | Flags |
---|---|---|---|---|---|---|
r-devel-linux-x86_64-debian-clang | 1.5.0 | 21.41 | 573.90 | 595.31 | OK | |
r-devel-linux-x86_64-debian-gcc | 1.5.0 | 15.72 | 393.60 | 409.32 | NOTE | |
r-devel-linux-x86_64-fedora-clang | 1.5.0 | 956.79 | OK | |||
r-devel-linux-x86_64-fedora-gcc | 1.5.0 | 870.12 | OK | |||
r-devel-windows-x86_64 | 1.5.0 | 23.00 | 541.00 | 564.00 | OK | |
r-patched-linux-x86_64 | 1.5.0 | 26.66 | 513.13 | 539.79 | OK | |
r-release-linux-x86_64 | 1.5.0 | 21.63 | 512.46 | 534.09 | OK | |
r-release-macos-arm64 | 1.5.0 | 242.00 | OK | |||
r-release-macos-x86_64 | 1.5.0 | 592.00 | OK | |||
r-release-windows-x86_64 | 1.5.0 | 23.00 | 538.00 | 561.00 | OK | |
r-oldrel-macos-arm64 | 1.5.0 | 231.00 | OK | |||
r-oldrel-macos-x86_64 | 1.5.0 | 546.00 | OK | |||
r-oldrel-windows-x86_64 | 1.5.0 | 35.00 | 699.00 | 734.00 | OK |
Version: 1.5.0
Check: HTML version of manual
Result: NOTE
Found the following HTML validation problems:
method_ebal.html:176:1 (method_ebal.Rd:157): Warning: <h4> anchor "Binary-Treatments" already defined
method_ebal.html:197:1 (method_ebal.Rd:172): Warning: <h4> anchor "Continuous-Treatments" already defined
method_gbm.html:285:1 (method_gbm.Rd:291): Warning: <h4> anchor "Multi-Category-Treatments" already defined
method_glm.html:281:1 (method_glm.Rd:230): Warning: <h4> anchor "Multi-Category-Treatments" already defined
method_optweight.html:201:1 (method_optweight.Rd:181): Warning: <h4> anchor "Multi-Category-Treatments" already defined
Flavor: r-devel-linux-x86_64-debian-gcc